{"id":10750,"date":"2021-06-23T13:15:32","date_gmt":"2021-06-23T13:15:32","guid":{"rendered":"https:\/\/server.idssoft.net\/idsdemo\/producto\/pantalla-cromad-proyeccion-marco-fijo-aluminio-2-40-x-1-35\/"},"modified":"2021-06-23T13:15:32","modified_gmt":"2021-06-23T13:15:32","slug":"pantalla-cromad-proyeccion-marco-fijo-aluminio-2-40-x-1-35","status":"publish","type":"product","link":"https:\/\/server.idssoft.net\/idsdemo\/producto\/pantalla-cromad-proyeccion-marco-fijo-aluminio-2-40-x-1-35\/","title":{"rendered":"Pantalla CROMAD Proyeccion Marco Fijo Aluminio 2.40 x 1.35"},"content":{"rendered":"<p>&#8211; 108&#034;<br \/>&#8211; Marco de aluminio 98mm<br \/>&#8211; Medida: 2.40 x 1.35<br \/>&#8211; Ideal para presentaciones comerciales, cine en casa o centros de educaci\u00f3n. <br \/>&#8211; Las placas de ajuste ofrecen la misma tensi\u00f3n en toda la superficie de proyecci\u00f3n. <br \/>&#8211; Tel<\/p>\n","protected":false},"excerpt":{"rendered":"<p>&#8211; 108&#034;&#8211; Marco de aluminio 98mm&#8211; Medida: 2.40 x 1.35&#8211; Ideal para presentaciones comerciales, cine en casa o centros de educaci\u00f3n. &#8211; Las placas de ajuste ofrecen la misma tensi\u00f3n en toda la superficie de proyecci\u00f3n. &#8211; Tel<\/p>\n","protected":false},"featured_media":10749,"comment_status":"open","ping_status":"closed","template":"","meta":[],"product_cat":[599],"product_tag":[],"class_list":["post-10750","product","type-product","status-publish","has-post-thumbnail","hentry","product_cat-pantallas-proy-marco-fijo","thunk-woo-product-list","opn-qv-enable","top-store-woo-hover-","top-store-single-product-tab-horizontal","top-store-shadow-","top-store-shadow-hover-"],"_links":{"self":[{"href":"https:\/\/server.idssoft.net\/idsdemo\/wp-json\/wp\/v2\/product\/10750","targetHints":{"allow":["GET"]}}],"collection":[{"href":"https:\/\/server.idssoft.net\/idsdemo\/wp-json\/wp\/v2\/product"}],"about":[{"href":"https:\/\/server.idssoft.net\/idsdemo\/wp-json\/wp\/v2\/types\/product"}],"replies":[{"embeddable":true,"href":"https:\/\/server.idssoft.net\/idsdemo\/wp-json\/wp\/v2\/comments?post=10750"}],"wp:featuredmedia":[{"embeddable":true,"href":"https:\/\/server.idssoft.net\/idsdemo\/wp-json\/wp\/v2\/media\/10749"}],"wp:attachment":[{"href":"https:\/\/server.idssoft.net\/idsdemo\/wp-json\/wp\/v2\/media?parent=10750"}],"wp:term":[{"taxonomy":"product_cat","embeddable":true,"href":"https:\/\/server.idssoft.net\/idsdemo\/wp-json\/wp\/v2\/product_cat?post=10750"},{"taxonomy":"product_tag","embeddable":true,"href":"https:\/\/server.idssoft.net\/idsdemo\/wp-json\/wp\/v2\/product_tag?post=10750"}],"curies":[{"name":"wp","href":"https:\/\/api.w.org\/{rel}","templated":true}]}}