{"id":11090,"date":"2021-06-23T13:24:49","date_gmt":"2021-06-23T13:24:49","guid":{"rendered":"https:\/\/server.idssoft.net\/idsdemo\/producto\/cargador-tablet-galaxy-tab-30-pines-10w-biwond-tab-charguer\/"},"modified":"2021-06-23T13:24:49","modified_gmt":"2021-06-23T13:24:49","slug":"cargador-tablet-galaxy-tab-30-pines-10w-biwond-tab-charguer","status":"publish","type":"product","link":"https:\/\/server.idssoft.net\/idsdemo\/producto\/cargador-tablet-galaxy-tab-30-pines-10w-biwond-tab-charguer\/","title":{"rendered":"Cargador Tablet Galaxy Tab 30 pines 10W Biwond Tab Charguer"},"content":{"rendered":"<p>La soluci\u00f3n perfecta para la carga de dispositivos con conexi\u00f3n de 30 pines. Ideal para tablets con conexi\u00f3n compatible. Si el cargador de tu tablet se ha da\u00f1ado, este es el repuesto que estabas buscando.<br \/>Especificaciones<br \/> Entrada: CA 11<\/p>\n","protected":false},"excerpt":{"rendered":"<p>La soluci\u00f3n perfecta para la carga de dispositivos con conexi\u00f3n de 30 pines. Ideal para tablets con conexi\u00f3n compatible. Si el cargador de tu tablet se ha da\u00f1ado, este es el repuesto que estabas buscando.Especificaciones Entrada: CA 11<\/p>\n","protected":false},"featured_media":11089,"comment_status":"open","ping_status":"closed","template":"","meta":[],"product_cat":[594],"product_tag":[],"class_list":["post-11090","product","type-product","status-publish","has-post-thumbnail","hentry","product_cat-cargadores-telfonos","thunk-woo-product-list","opn-qv-enable","top-store-woo-hover-","top-store-single-product-tab-horizontal","top-store-shadow-","top-store-shadow-hover-"],"_links":{"self":[{"href":"https:\/\/server.idssoft.net\/idsdemo\/wp-json\/wp\/v2\/product\/11090","targetHints":{"allow":["GET"]}}],"collection":[{"href":"https:\/\/server.idssoft.net\/idsdemo\/wp-json\/wp\/v2\/product"}],"about":[{"href":"https:\/\/server.idssoft.net\/idsdemo\/wp-json\/wp\/v2\/types\/product"}],"replies":[{"embeddable":true,"href":"https:\/\/server.idssoft.net\/idsdemo\/wp-json\/wp\/v2\/comments?post=11090"}],"wp:featuredmedia":[{"embeddable":true,"href":"https:\/\/server.idssoft.net\/idsdemo\/wp-json\/wp\/v2\/media\/11089"}],"wp:attachment":[{"href":"https:\/\/server.idssoft.net\/idsdemo\/wp-json\/wp\/v2\/media?parent=11090"}],"wp:term":[{"taxonomy":"product_cat","embeddable":true,"href":"https:\/\/server.idssoft.net\/idsdemo\/wp-json\/wp\/v2\/product_cat?post=11090"},{"taxonomy":"product_tag","embeddable":true,"href":"https:\/\/server.idssoft.net\/idsdemo\/wp-json\/wp\/v2\/product_tag?post=11090"}],"curies":[{"name":"wp","href":"https:\/\/api.w.org\/{rel}","templated":true}]}}