{"id":11152,"date":"2021-06-23T13:26:17","date_gmt":"2021-06-23T13:26:17","guid":{"rendered":"https:\/\/server.idssoft.net\/idsdemo\/producto\/cargador-especifico-magsafe-1-macbook-45w-pro-charger\/"},"modified":"2021-06-23T13:26:17","modified_gmt":"2021-06-23T13:26:17","slug":"cargador-especifico-magsafe-1-macbook-45w-pro-charger","status":"publish","type":"product","link":"https:\/\/server.idssoft.net\/idsdemo\/producto\/cargador-especifico-magsafe-1-macbook-45w-pro-charger\/","title":{"rendered":"CARGADOR ESPECIFICO MAGSAFE 1 MACBOOK 45W PRO CHARGER"},"content":{"rendered":"<p>Uso del producto<br \/>Este adaptador integra un conector magn\u00e9tico que protege tu MacBook contra las sobretensiones que puedan surgir. Tambi\u00e9n integra un indicador luminoso que pasa del naranja al verde para avisarte del nivel de carga de la bater\u00eda<\/p>\n","protected":false},"excerpt":{"rendered":"<p>Uso del productoEste adaptador integra un conector magn\u00e9tico que protege tu MacBook contra las sobretensiones que puedan surgir. Tambi\u00e9n integra un indicador luminoso que pasa del naranja al verde para avisarte del nivel de carga de la bater\u00eda<\/p>\n","protected":false},"featured_media":11151,"comment_status":"open","ping_status":"closed","template":"","meta":[],"product_cat":[568],"product_tag":[],"class_list":["post-11152","product","type-product","status-publish","has-post-thumbnail","hentry","product_cat-cargadores-universales","thunk-woo-product-list","opn-qv-enable","top-store-woo-hover-","top-store-single-product-tab-horizontal","top-store-shadow-","top-store-shadow-hover-"],"_links":{"self":[{"href":"https:\/\/server.idssoft.net\/idsdemo\/wp-json\/wp\/v2\/product\/11152","targetHints":{"allow":["GET"]}}],"collection":[{"href":"https:\/\/server.idssoft.net\/idsdemo\/wp-json\/wp\/v2\/product"}],"about":[{"href":"https:\/\/server.idssoft.net\/idsdemo\/wp-json\/wp\/v2\/types\/product"}],"replies":[{"embeddable":true,"href":"https:\/\/server.idssoft.net\/idsdemo\/wp-json\/wp\/v2\/comments?post=11152"}],"wp:featuredmedia":[{"embeddable":true,"href":"https:\/\/server.idssoft.net\/idsdemo\/wp-json\/wp\/v2\/media\/11151"}],"wp:attachment":[{"href":"https:\/\/server.idssoft.net\/idsdemo\/wp-json\/wp\/v2\/media?parent=11152"}],"wp:term":[{"taxonomy":"product_cat","embeddable":true,"href":"https:\/\/server.idssoft.net\/idsdemo\/wp-json\/wp\/v2\/product_cat?post=11152"},{"taxonomy":"product_tag","embeddable":true,"href":"https:\/\/server.idssoft.net\/idsdemo\/wp-json\/wp\/v2\/product_tag?post=11152"}],"curies":[{"name":"wp","href":"https:\/\/api.w.org\/{rel}","templated":true}]}}