{"id":11181,"date":"2021-06-23T13:27:01","date_gmt":"2021-06-23T13:27:01","guid":{"rendered":"https:\/\/server.idssoft.net\/idsdemo\/producto\/tecladoraton-logitech-mk270-wireless-negro\/"},"modified":"2021-06-23T13:27:01","modified_gmt":"2021-06-23T13:27:01","slug":"tecladoraton-logitech-mk270-wireless-negro","status":"publish","type":"product","link":"https:\/\/server.idssoft.net\/idsdemo\/producto\/tecladoraton-logitech-mk270-wireless-negro\/","title":{"rendered":"TECLADO+RATON LOGITECH MK270 WIRELESS NEGRO"},"content":{"rendered":"<p>Tecnolog\u00eda inal\u00e1mbrica avanzada de 2,4 GHz<br \/>Para trabajar o jugar desde m\u00e1s lugares como si estuvieses en el sof\u00e1: la conexi\u00f3n inal\u00e1mbrica elimina casi por completo retrasos, interrupciones e interferencias y ofrece un alcance de hasta 10 met<\/p>\n","protected":false},"excerpt":{"rendered":"<p>Tecnolog\u00eda inal\u00e1mbrica avanzada de 2,4 GHzPara trabajar o jugar desde m\u00e1s lugares como si estuvieses en el sof\u00e1: la conexi\u00f3n inal\u00e1mbrica elimina casi por completo retrasos, interrupciones e interferencias y ofrece un alcance de hasta 10 met<\/p>\n","protected":false},"featured_media":11180,"comment_status":"open","ping_status":"closed","template":"","meta":[],"product_cat":[567],"product_tag":[],"class_list":["post-11181","product","type-product","status-publish","has-post-thumbnail","hentry","product_cat-kit-teclado-raton","thunk-woo-product-list","opn-qv-enable","top-store-woo-hover-","top-store-single-product-tab-horizontal","top-store-shadow-","top-store-shadow-hover-"],"_links":{"self":[{"href":"https:\/\/server.idssoft.net\/idsdemo\/wp-json\/wp\/v2\/product\/11181","targetHints":{"allow":["GET"]}}],"collection":[{"href":"https:\/\/server.idssoft.net\/idsdemo\/wp-json\/wp\/v2\/product"}],"about":[{"href":"https:\/\/server.idssoft.net\/idsdemo\/wp-json\/wp\/v2\/types\/product"}],"replies":[{"embeddable":true,"href":"https:\/\/server.idssoft.net\/idsdemo\/wp-json\/wp\/v2\/comments?post=11181"}],"wp:featuredmedia":[{"embeddable":true,"href":"https:\/\/server.idssoft.net\/idsdemo\/wp-json\/wp\/v2\/media\/11180"}],"wp:attachment":[{"href":"https:\/\/server.idssoft.net\/idsdemo\/wp-json\/wp\/v2\/media?parent=11181"}],"wp:term":[{"taxonomy":"product_cat","embeddable":true,"href":"https:\/\/server.idssoft.net\/idsdemo\/wp-json\/wp\/v2\/product_cat?post=11181"},{"taxonomy":"product_tag","embeddable":true,"href":"https:\/\/server.idssoft.net\/idsdemo\/wp-json\/wp\/v2\/product_tag?post=11181"}],"curies":[{"name":"wp","href":"https:\/\/api.w.org\/{rel}","templated":true}]}}