{"id":11278,"date":"2021-06-23T13:29:51","date_gmt":"2021-06-23T13:29:51","guid":{"rendered":"https:\/\/server.idssoft.net\/idsdemo\/producto\/telefono-inalambrico-dect-digital-gigaset-a116-negro\/"},"modified":"2021-06-23T13:29:51","modified_gmt":"2021-06-23T13:29:51","slug":"telefono-inalambrico-dect-digital-gigaset-a116-negro","status":"publish","type":"product","link":"https:\/\/server.idssoft.net\/idsdemo\/producto\/telefono-inalambrico-dect-digital-gigaset-a116-negro\/","title":{"rendered":"TELEFONO INALAMBRICO DECT DIGITAL GIGASET A116 NEGRO"},"content":{"rendered":"<p>Gigaset A116. Tipo: Tel\u00e9fono DECT, Tipo de auricular: Terminal inal\u00e1mbrico, Rango m\u00e1ximo en interiores: 50 m, Rango m\u00e1ximo en exteriores: 300 m. Capacidad de lista de direcciones: 50 entradas. Identificador de llamadas. Color del producto: Negro.<\/p>\n","protected":false},"excerpt":{"rendered":"<p>Gigaset A116. Tipo: Tel\u00e9fono DECT, Tipo de auricular: Terminal inal\u00e1mbrico, Rango m\u00e1ximo en interiores: 50 m, Rango m\u00e1ximo en exteriores: 300 m. Capacidad de lista de direcciones: 50 entradas. Identificador de llamadas. Color del producto: Negro.<\/p>\n","protected":false},"featured_media":11277,"comment_status":"open","ping_status":"closed","template":"","meta":[],"product_cat":[488],"product_tag":[],"class_list":["post-11278","product","type-product","status-publish","has-post-thumbnail","hentry","product_cat-telefonia-fija-inalmbrica","thunk-woo-product-list","opn-qv-enable","top-store-woo-hover-","top-store-single-product-tab-horizontal","top-store-shadow-","top-store-shadow-hover-"],"_links":{"self":[{"href":"https:\/\/server.idssoft.net\/idsdemo\/wp-json\/wp\/v2\/product\/11278","targetHints":{"allow":["GET"]}}],"collection":[{"href":"https:\/\/server.idssoft.net\/idsdemo\/wp-json\/wp\/v2\/product"}],"about":[{"href":"https:\/\/server.idssoft.net\/idsdemo\/wp-json\/wp\/v2\/types\/product"}],"replies":[{"embeddable":true,"href":"https:\/\/server.idssoft.net\/idsdemo\/wp-json\/wp\/v2\/comments?post=11278"}],"wp:featuredmedia":[{"embeddable":true,"href":"https:\/\/server.idssoft.net\/idsdemo\/wp-json\/wp\/v2\/media\/11277"}],"wp:attachment":[{"href":"https:\/\/server.idssoft.net\/idsdemo\/wp-json\/wp\/v2\/media?parent=11278"}],"wp:term":[{"taxonomy":"product_cat","embeddable":true,"href":"https:\/\/server.idssoft.net\/idsdemo\/wp-json\/wp\/v2\/product_cat?post=11278"},{"taxonomy":"product_tag","embeddable":true,"href":"https:\/\/server.idssoft.net\/idsdemo\/wp-json\/wp\/v2\/product_tag?post=11278"}],"curies":[{"name":"wp","href":"https:\/\/api.w.org\/{rel}","templated":true}]}}