{"id":11287,"date":"2021-06-23T13:30:08","date_gmt":"2021-06-23T13:30:08","guid":{"rendered":"https:\/\/server.idssoft.net\/idsdemo\/producto\/teclado-y-raton-inalambricos-logitech-mk235-2-4ghz-alcan\/"},"modified":"2021-06-23T13:30:08","modified_gmt":"2021-06-23T13:30:08","slug":"teclado-y-raton-inalambricos-logitech-mk235-2-4ghz-alcan","status":"publish","type":"product","link":"https:\/\/server.idssoft.net\/idsdemo\/producto\/teclado-y-raton-inalambricos-logitech-mk235-2-4ghz-alcan\/","title":{"rendered":"TECLADO Y RAT\u00d3N INAL\u00c1MBRICOS LOGITECH MK235 &#8211; 2.4GHz &#8211; ALCAN"},"content":{"rendered":"<p>Duraci\u00f3n de pilas prolongada <br \/>Escribe hasta tres a\u00f1os entre cambios de pilas y usa el rat\u00f3n hasta un a\u00f1o antes de tener que cambiar la pila. <br \/>La predicci\u00f3n de tres a\u00f1os de duraci\u00f3n de las pilas se basa en aproximadamente dos millones de<\/p>\n","protected":false},"excerpt":{"rendered":"<p>Duraci\u00f3n de pilas prolongada Escribe hasta tres a\u00f1os entre cambios de pilas y usa el rat\u00f3n hasta un a\u00f1o antes de tener que cambiar la pila. La predicci\u00f3n de tres a\u00f1os de duraci\u00f3n de las pilas se basa en aproximadamente dos millones de<\/p>\n","protected":false},"featured_media":11286,"comment_status":"open","ping_status":"closed","template":"","meta":[],"product_cat":[567],"product_tag":[],"class_list":["post-11287","product","type-product","status-publish","has-post-thumbnail","hentry","product_cat-kit-teclado-raton","thunk-woo-product-list","opn-qv-enable","top-store-woo-hover-","top-store-single-product-tab-horizontal","top-store-shadow-","top-store-shadow-hover-"],"_links":{"self":[{"href":"https:\/\/server.idssoft.net\/idsdemo\/wp-json\/wp\/v2\/product\/11287","targetHints":{"allow":["GET"]}}],"collection":[{"href":"https:\/\/server.idssoft.net\/idsdemo\/wp-json\/wp\/v2\/product"}],"about":[{"href":"https:\/\/server.idssoft.net\/idsdemo\/wp-json\/wp\/v2\/types\/product"}],"replies":[{"embeddable":true,"href":"https:\/\/server.idssoft.net\/idsdemo\/wp-json\/wp\/v2\/comments?post=11287"}],"wp:featuredmedia":[{"embeddable":true,"href":"https:\/\/server.idssoft.net\/idsdemo\/wp-json\/wp\/v2\/media\/11286"}],"wp:attachment":[{"href":"https:\/\/server.idssoft.net\/idsdemo\/wp-json\/wp\/v2\/media?parent=11287"}],"wp:term":[{"taxonomy":"product_cat","embeddable":true,"href":"https:\/\/server.idssoft.net\/idsdemo\/wp-json\/wp\/v2\/product_cat?post=11287"},{"taxonomy":"product_tag","embeddable":true,"href":"https:\/\/server.idssoft.net\/idsdemo\/wp-json\/wp\/v2\/product_tag?post=11287"}],"curies":[{"name":"wp","href":"https:\/\/api.w.org\/{rel}","templated":true}]}}