{"id":11362,"date":"2021-06-23T13:32:14","date_gmt":"2021-06-23T13:32:14","guid":{"rendered":"https:\/\/server.idssoft.net\/idsdemo\/producto\/soporte-vesa-para-portatil-hasta-15-6-cromad\/"},"modified":"2021-06-23T13:32:14","modified_gmt":"2021-06-23T13:32:14","slug":"soporte-vesa-para-portatil-hasta-15-6-cromad","status":"publish","type":"product","link":"https:\/\/server.idssoft.net\/idsdemo\/producto\/soporte-vesa-para-portatil-hasta-15-6-cromad\/","title":{"rendered":"SOPORTE VESA PARA PORTATIL HASTA 15.6 CROMAD"},"content":{"rendered":"<p>&#8211; El dise\u00f1o ventilado ofrece una mayor circulaci\u00f3n de aire<br \/>&#8211; El clip lateral retr\u00e1ctil se ajusta para adaptarse a cualquier ordenador port\u00e1til con un ancho de hasta 420 mm.<br \/>&#8211; El tope de seguridad evita que sus dispositivos se deslicen<\/p>\n","protected":false},"excerpt":{"rendered":"<p>&#8211; El dise\u00f1o ventilado ofrece una mayor circulaci\u00f3n de aire&#8211; El clip lateral retr\u00e1ctil se ajusta para adaptarse a cualquier ordenador port\u00e1til con un ancho de hasta 420 mm.&#8211; El tope de seguridad evita que sus dispositivos se deslicen<\/p>\n","protected":false},"featured_media":11360,"comment_status":"open","ping_status":"closed","template":"","meta":[],"product_cat":[592],"product_tag":[],"class_list":["post-11362","product","type-product","status-publish","has-post-thumbnail","hentry","product_cat-otros-soportes","thunk-woo-product-list","opn-qv-enable","top-store-woo-hover-","top-store-single-product-tab-horizontal","top-store-shadow-","top-store-shadow-hover-"],"_links":{"self":[{"href":"https:\/\/server.idssoft.net\/idsdemo\/wp-json\/wp\/v2\/product\/11362","targetHints":{"allow":["GET"]}}],"collection":[{"href":"https:\/\/server.idssoft.net\/idsdemo\/wp-json\/wp\/v2\/product"}],"about":[{"href":"https:\/\/server.idssoft.net\/idsdemo\/wp-json\/wp\/v2\/types\/product"}],"replies":[{"embeddable":true,"href":"https:\/\/server.idssoft.net\/idsdemo\/wp-json\/wp\/v2\/comments?post=11362"}],"wp:featuredmedia":[{"embeddable":true,"href":"https:\/\/server.idssoft.net\/idsdemo\/wp-json\/wp\/v2\/media\/11360"}],"wp:attachment":[{"href":"https:\/\/server.idssoft.net\/idsdemo\/wp-json\/wp\/v2\/media?parent=11362"}],"wp:term":[{"taxonomy":"product_cat","embeddable":true,"href":"https:\/\/server.idssoft.net\/idsdemo\/wp-json\/wp\/v2\/product_cat?post=11362"},{"taxonomy":"product_tag","embeddable":true,"href":"https:\/\/server.idssoft.net\/idsdemo\/wp-json\/wp\/v2\/product_tag?post=11362"}],"curies":[{"name":"wp","href":"https:\/\/api.w.org\/{rel}","templated":true}]}}