{"id":11597,"date":"2021-06-23T13:39:21","date_gmt":"2021-06-23T13:39:21","guid":{"rendered":"https:\/\/server.idssoft.net\/idsdemo\/producto\/pack-multi-camara-para-vehiculo-lcd-4-camview\/"},"modified":"2021-06-23T13:39:21","modified_gmt":"2021-06-23T13:39:21","slug":"pack-multi-camara-para-vehiculo-lcd-4-camview","status":"publish","type":"product","link":"https:\/\/server.idssoft.net\/idsdemo\/producto\/pack-multi-camara-para-vehiculo-lcd-4-camview\/","title":{"rendered":"PACK MULTI CAMARA PARA VEHICULO, LCD 4 CAMVIEW"},"content":{"rendered":"<p>&#8211; Ideal para grabaci\u00f3n de posibles accidentes o vigilancia en estacionamiento y ayuda al aparcamiento. <br \/>&#8211; Pantalla LCD: 4&#034;<br \/>&#8211; Resoluci\u00f3n fotogr\u00e1fica: 12Mpx<br \/>&#8211; Especificaciones c\u00e1mara frontal:<br \/>     &#8211; Sensor: GC1064<br \/>     &#8211; Reso<\/p>\n","protected":false},"excerpt":{"rendered":"<p>&#8211; Ideal para grabaci\u00f3n de posibles accidentes o vigilancia en estacionamiento y ayuda al aparcamiento. &#8211; Pantalla LCD: 4&#034;&#8211; Resoluci\u00f3n fotogr\u00e1fica: 12Mpx&#8211; Especificaciones c\u00e1mara frontal: &#8211; Sensor: GC1064 &#8211; Reso<\/p>\n","protected":false},"featured_media":11595,"comment_status":"open","ping_status":"closed","template":"","meta":[],"product_cat":[565],"product_tag":[],"class_list":["post-11597","product","type-product","status-publish","has-post-thumbnail","hentry","product_cat-camaras-y-accesorios","thunk-woo-product-list","opn-qv-enable","top-store-woo-hover-","top-store-single-product-tab-horizontal","top-store-shadow-","top-store-shadow-hover-"],"_links":{"self":[{"href":"https:\/\/server.idssoft.net\/idsdemo\/wp-json\/wp\/v2\/product\/11597","targetHints":{"allow":["GET"]}}],"collection":[{"href":"https:\/\/server.idssoft.net\/idsdemo\/wp-json\/wp\/v2\/product"}],"about":[{"href":"https:\/\/server.idssoft.net\/idsdemo\/wp-json\/wp\/v2\/types\/product"}],"replies":[{"embeddable":true,"href":"https:\/\/server.idssoft.net\/idsdemo\/wp-json\/wp\/v2\/comments?post=11597"}],"wp:featuredmedia":[{"embeddable":true,"href":"https:\/\/server.idssoft.net\/idsdemo\/wp-json\/wp\/v2\/media\/11595"}],"wp:attachment":[{"href":"https:\/\/server.idssoft.net\/idsdemo\/wp-json\/wp\/v2\/media?parent=11597"}],"wp:term":[{"taxonomy":"product_cat","embeddable":true,"href":"https:\/\/server.idssoft.net\/idsdemo\/wp-json\/wp\/v2\/product_cat?post=11597"},{"taxonomy":"product_tag","embeddable":true,"href":"https:\/\/server.idssoft.net\/idsdemo\/wp-json\/wp\/v2\/product_tag?post=11597"}],"curies":[{"name":"wp","href":"https:\/\/api.w.org\/{rel}","templated":true}]}}