{"id":11698,"date":"2021-06-23T13:42:21","date_gmt":"2021-06-23T13:42:21","guid":{"rendered":"https:\/\/server.idssoft.net\/idsdemo\/producto\/esconde-cables-de-neopreno-con-cremallera-cromad\/"},"modified":"2021-06-23T13:42:21","modified_gmt":"2021-06-23T13:42:21","slug":"esconde-cables-de-neopreno-con-cremallera-cromad","status":"publish","type":"product","link":"https:\/\/server.idssoft.net\/idsdemo\/producto\/esconde-cables-de-neopreno-con-cremallera-cromad\/","title":{"rendered":"ESCONDE CABLES DE NEOPRENO CON CREMALLERA CROMAD"},"content":{"rendered":"<p>Los cables enredados y desorganizados pueden volverlo loco y causar problemas de seguridad en su equipo. Con una peque\u00f1a inversi\u00f3n en cubiertas protectoras para cables, puede estar seguro de que su cableado es seguro durante los pr\u00f3ximos a\u00f1os. Ide<\/p>\n","protected":false},"excerpt":{"rendered":"<p>Los cables enredados y desorganizados pueden volverlo loco y causar problemas de seguridad en su equipo. Con una peque\u00f1a inversi\u00f3n en cubiertas protectoras para cables, puede estar seguro de que su cableado es seguro durante los pr\u00f3ximos a\u00f1os. Ide<\/p>\n","protected":false},"featured_media":11696,"comment_status":"open","ping_status":"closed","template":"","meta":[],"product_cat":[593],"product_tag":[],"class_list":["post-11698","product","type-product","status-publish","has-post-thumbnail","hentry","product_cat-accesorios-para-cables","thunk-woo-product-list","opn-qv-enable","top-store-woo-hover-","top-store-single-product-tab-horizontal","top-store-shadow-","top-store-shadow-hover-"],"_links":{"self":[{"href":"https:\/\/server.idssoft.net\/idsdemo\/wp-json\/wp\/v2\/product\/11698","targetHints":{"allow":["GET"]}}],"collection":[{"href":"https:\/\/server.idssoft.net\/idsdemo\/wp-json\/wp\/v2\/product"}],"about":[{"href":"https:\/\/server.idssoft.net\/idsdemo\/wp-json\/wp\/v2\/types\/product"}],"replies":[{"embeddable":true,"href":"https:\/\/server.idssoft.net\/idsdemo\/wp-json\/wp\/v2\/comments?post=11698"}],"wp:featuredmedia":[{"embeddable":true,"href":"https:\/\/server.idssoft.net\/idsdemo\/wp-json\/wp\/v2\/media\/11696"}],"wp:attachment":[{"href":"https:\/\/server.idssoft.net\/idsdemo\/wp-json\/wp\/v2\/media?parent=11698"}],"wp:term":[{"taxonomy":"product_cat","embeddable":true,"href":"https:\/\/server.idssoft.net\/idsdemo\/wp-json\/wp\/v2\/product_cat?post=11698"},{"taxonomy":"product_tag","embeddable":true,"href":"https:\/\/server.idssoft.net\/idsdemo\/wp-json\/wp\/v2\/product_tag?post=11698"}],"curies":[{"name":"wp","href":"https:\/\/api.w.org\/{rel}","templated":true}]}}