{"id":11836,"date":"2021-06-23T13:46:18","date_gmt":"2021-06-23T13:46:18","guid":{"rendered":"https:\/\/server.idssoft.net\/idsdemo\/producto\/maletin-monray-ginger-blue-para-portatiles-hasta-15-6-39-6\/"},"modified":"2021-06-23T13:46:18","modified_gmt":"2021-06-23T13:46:18","slug":"maletin-monray-ginger-blue-para-portatiles-hasta-15-6-39-6","status":"publish","type":"product","link":"https:\/\/server.idssoft.net\/idsdemo\/producto\/maletin-monray-ginger-blue-para-portatiles-hasta-15-6-39-6\/","title":{"rendered":"MALET\u00cdN MONRAY GINGER BLUE &#8211; PARA PORT\u00c1TILES HASTA 15.6\/39.6"},"content":{"rendered":"<p>Ha sido ideado para transportar port\u00e1tiles de hasta 15.6&#034;.<br \/>Fabricado en nylon resistente y de calidad, ofrece protecci\u00f3n a tu port\u00e1til. En el interior encontrar\u00e1s dos compartimentos separados para que puedas llevar todo ordenado.<br \/>Adem?<\/p>\n","protected":false},"excerpt":{"rendered":"<p>Ha sido ideado para transportar port\u00e1tiles de hasta 15.6&#034;.Fabricado en nylon resistente y de calidad, ofrece protecci\u00f3n a tu port\u00e1til. En el interior encontrar\u00e1s dos compartimentos separados para que puedas llevar todo ordenado.Adem?<\/p>\n","protected":false},"featured_media":11834,"comment_status":"open","ping_status":"closed","template":"","meta":[],"product_cat":[484],"product_tag":[],"class_list":["post-11836","product","type-product","status-publish","has-post-thumbnail","hentry","product_cat-accesorios-para-portatiles","thunk-woo-product-list","opn-qv-enable","top-store-woo-hover-","top-store-single-product-tab-horizontal","top-store-shadow-","top-store-shadow-hover-"],"_links":{"self":[{"href":"https:\/\/server.idssoft.net\/idsdemo\/wp-json\/wp\/v2\/product\/11836","targetHints":{"allow":["GET"]}}],"collection":[{"href":"https:\/\/server.idssoft.net\/idsdemo\/wp-json\/wp\/v2\/product"}],"about":[{"href":"https:\/\/server.idssoft.net\/idsdemo\/wp-json\/wp\/v2\/types\/product"}],"replies":[{"embeddable":true,"href":"https:\/\/server.idssoft.net\/idsdemo\/wp-json\/wp\/v2\/comments?post=11836"}],"wp:featuredmedia":[{"embeddable":true,"href":"https:\/\/server.idssoft.net\/idsdemo\/wp-json\/wp\/v2\/media\/11834"}],"wp:attachment":[{"href":"https:\/\/server.idssoft.net\/idsdemo\/wp-json\/wp\/v2\/media?parent=11836"}],"wp:term":[{"taxonomy":"product_cat","embeddable":true,"href":"https:\/\/server.idssoft.net\/idsdemo\/wp-json\/wp\/v2\/product_cat?post=11836"},{"taxonomy":"product_tag","embeddable":true,"href":"https:\/\/server.idssoft.net\/idsdemo\/wp-json\/wp\/v2\/product_tag?post=11836"}],"curies":[{"name":"wp","href":"https:\/\/api.w.org\/{rel}","templated":true}]}}