{"id":11909,"date":"2021-06-23T13:48:23","date_gmt":"2021-06-23T13:48:23","guid":{"rendered":"https:\/\/server.idssoft.net\/idsdemo\/producto\/microfono-spirit-of-gamer-eko300-filtro-reductor-de-ruido\/"},"modified":"2021-06-23T13:48:23","modified_gmt":"2021-06-23T13:48:23","slug":"microfono-spirit-of-gamer-eko300-filtro-reductor-de-ruido","status":"publish","type":"product","link":"https:\/\/server.idssoft.net\/idsdemo\/producto\/microfono-spirit-of-gamer-eko300-filtro-reductor-de-ruido\/","title":{"rendered":"MICR\u00d3FONO SPIRIT OF GAMER EKO300 &#8211; FILTRO REDUCTOR DE RUIDO"},"content":{"rendered":"<p>Sonido de alta calidad con filtro reductor de ruido.<br \/>Ideal para streaming, grabaci\u00f3n, conversaciones.<br \/>Base equipada con retroiluminaci\u00f3n por LED 15 modos: rojo, verde, azul, arco iris, respiraci\u00f3n &#8230;<br \/>Bot\u00f3n de encendido \/ apagado, bot?<\/p>\n","protected":false},"excerpt":{"rendered":"<p>Sonido de alta calidad con filtro reductor de ruido.Ideal para streaming, grabaci\u00f3n, conversaciones.Base equipada con retroiluminaci\u00f3n por LED 15 modos: rojo, verde, azul, arco iris, respiraci\u00f3n &#8230;Bot\u00f3n de encendido \/ apagado, bot?<\/p>\n","protected":false},"featured_media":11908,"comment_status":"open","ping_status":"closed","template":"","meta":[],"product_cat":[475],"product_tag":[],"class_list":["post-11909","product","type-product","status-publish","has-post-thumbnail","hentry","product_cat-microfonos","thunk-woo-product-list","opn-qv-enable","top-store-woo-hover-","top-store-single-product-tab-horizontal","top-store-shadow-","top-store-shadow-hover-"],"_links":{"self":[{"href":"https:\/\/server.idssoft.net\/idsdemo\/wp-json\/wp\/v2\/product\/11909","targetHints":{"allow":["GET"]}}],"collection":[{"href":"https:\/\/server.idssoft.net\/idsdemo\/wp-json\/wp\/v2\/product"}],"about":[{"href":"https:\/\/server.idssoft.net\/idsdemo\/wp-json\/wp\/v2\/types\/product"}],"replies":[{"embeddable":true,"href":"https:\/\/server.idssoft.net\/idsdemo\/wp-json\/wp\/v2\/comments?post=11909"}],"wp:featuredmedia":[{"embeddable":true,"href":"https:\/\/server.idssoft.net\/idsdemo\/wp-json\/wp\/v2\/media\/11908"}],"wp:attachment":[{"href":"https:\/\/server.idssoft.net\/idsdemo\/wp-json\/wp\/v2\/media?parent=11909"}],"wp:term":[{"taxonomy":"product_cat","embeddable":true,"href":"https:\/\/server.idssoft.net\/idsdemo\/wp-json\/wp\/v2\/product_cat?post=11909"},{"taxonomy":"product_tag","embeddable":true,"href":"https:\/\/server.idssoft.net\/idsdemo\/wp-json\/wp\/v2\/product_tag?post=11909"}],"curies":[{"name":"wp","href":"https:\/\/api.w.org\/{rel}","templated":true}]}}