{"id":11927,"date":"2021-06-23T13:48:51","date_gmt":"2021-06-23T13:48:51","guid":{"rendered":"https:\/\/server.idssoft.net\/idsdemo\/producto\/cable-9-metros-para-camara-trasera-cv0155-camview\/"},"modified":"2021-06-23T13:48:51","modified_gmt":"2021-06-23T13:48:51","slug":"cable-9-metros-para-camara-trasera-cv0155-camview","status":"publish","type":"product","link":"https:\/\/server.idssoft.net\/idsdemo\/producto\/cable-9-metros-para-camara-trasera-cv0155-camview\/","title":{"rendered":"CABLE 9 METROS PARA CAMARA TRASERA CV0155 CAMVIEW"},"content":{"rendered":"<p>&#8211; Cable v\u00e1lido para Pack Multicamara para veh\u00edculo CV0155<br \/>&#8211; Longitud 9 metros<br \/>&#8211; Cable de conexi\u00f3n para c\u00e1mara de marcha atr\u00e1s   <\/p>\n","protected":false},"excerpt":{"rendered":"<p>&#8211; Cable v\u00e1lido para Pack Multicamara para veh\u00edculo CV0155&#8211; Longitud 9 metros&#8211; Cable de conexi\u00f3n para c\u00e1mara de marcha atr\u00e1s<\/p>\n","protected":false},"featured_media":11926,"comment_status":"open","ping_status":"closed","template":"","meta":[],"product_cat":[565],"product_tag":[],"class_list":["post-11927","product","type-product","status-publish","has-post-thumbnail","hentry","product_cat-camaras-y-accesorios","thunk-woo-product-list","opn-qv-enable","top-store-woo-hover-","top-store-single-product-tab-horizontal","top-store-shadow-","top-store-shadow-hover-"],"_links":{"self":[{"href":"https:\/\/server.idssoft.net\/idsdemo\/wp-json\/wp\/v2\/product\/11927","targetHints":{"allow":["GET"]}}],"collection":[{"href":"https:\/\/server.idssoft.net\/idsdemo\/wp-json\/wp\/v2\/product"}],"about":[{"href":"https:\/\/server.idssoft.net\/idsdemo\/wp-json\/wp\/v2\/types\/product"}],"replies":[{"embeddable":true,"href":"https:\/\/server.idssoft.net\/idsdemo\/wp-json\/wp\/v2\/comments?post=11927"}],"wp:featuredmedia":[{"embeddable":true,"href":"https:\/\/server.idssoft.net\/idsdemo\/wp-json\/wp\/v2\/media\/11926"}],"wp:attachment":[{"href":"https:\/\/server.idssoft.net\/idsdemo\/wp-json\/wp\/v2\/media?parent=11927"}],"wp:term":[{"taxonomy":"product_cat","embeddable":true,"href":"https:\/\/server.idssoft.net\/idsdemo\/wp-json\/wp\/v2\/product_cat?post=11927"},{"taxonomy":"product_tag","embeddable":true,"href":"https:\/\/server.idssoft.net\/idsdemo\/wp-json\/wp\/v2\/product_tag?post=11927"}],"curies":[{"name":"wp","href":"https:\/\/api.w.org\/{rel}","templated":true}]}}