{"id":12004,"date":"2021-06-23T13:51:09","date_gmt":"2021-06-23T13:51:09","guid":{"rendered":"https:\/\/server.idssoft.net\/idsdemo\/producto\/telefono-dect-gigaset-a170-verde-lcd-1-5-funcion-alarma\/"},"modified":"2021-06-23T13:51:09","modified_gmt":"2021-06-23T13:51:09","slug":"telefono-dect-gigaset-a170-verde-lcd-1-5-funcion-alarma","status":"publish","type":"product","link":"https:\/\/server.idssoft.net\/idsdemo\/producto\/telefono-dect-gigaset-a170-verde-lcd-1-5-funcion-alarma\/","title":{"rendered":"TEL\u00c9FONO DECT GIGASET A170 VERDE | LCD 1.5 | FUNCION ALARMA"},"content":{"rendered":"<p>Gigaset A170. Tipo: Tel\u00e9fono DECT, Tipo de auricular: Terminal inal\u00e1mbrico. Capacidad de lista de direcciones: 50 entradas. Diagonal de la pantalla: 3,81 cm (1.5&#034;). Color del producto: Verde. N\u00famero de tel\u00e9fonos m\u00f3viles incluidos: 1  <\/p>\n","protected":false},"excerpt":{"rendered":"<p>Gigaset A170. Tipo: Tel\u00e9fono DECT, Tipo de auricular: Terminal inal\u00e1mbrico. Capacidad de lista de direcciones: 50 entradas. Diagonal de la pantalla: 3,81 cm (1.5&#034;). Color del producto: Verde. N\u00famero de tel\u00e9fonos m\u00f3viles incluidos: 1<\/p>\n","protected":false},"featured_media":12003,"comment_status":"open","ping_status":"closed","template":"","meta":[],"product_cat":[488],"product_tag":[],"class_list":["post-12004","product","type-product","status-publish","has-post-thumbnail","hentry","product_cat-telefonia-fija-inalmbrica","thunk-woo-product-list","opn-qv-enable","top-store-woo-hover-","top-store-single-product-tab-horizontal","top-store-shadow-","top-store-shadow-hover-"],"_links":{"self":[{"href":"https:\/\/server.idssoft.net\/idsdemo\/wp-json\/wp\/v2\/product\/12004","targetHints":{"allow":["GET"]}}],"collection":[{"href":"https:\/\/server.idssoft.net\/idsdemo\/wp-json\/wp\/v2\/product"}],"about":[{"href":"https:\/\/server.idssoft.net\/idsdemo\/wp-json\/wp\/v2\/types\/product"}],"replies":[{"embeddable":true,"href":"https:\/\/server.idssoft.net\/idsdemo\/wp-json\/wp\/v2\/comments?post=12004"}],"wp:featuredmedia":[{"embeddable":true,"href":"https:\/\/server.idssoft.net\/idsdemo\/wp-json\/wp\/v2\/media\/12003"}],"wp:attachment":[{"href":"https:\/\/server.idssoft.net\/idsdemo\/wp-json\/wp\/v2\/media?parent=12004"}],"wp:term":[{"taxonomy":"product_cat","embeddable":true,"href":"https:\/\/server.idssoft.net\/idsdemo\/wp-json\/wp\/v2\/product_cat?post=12004"},{"taxonomy":"product_tag","embeddable":true,"href":"https:\/\/server.idssoft.net\/idsdemo\/wp-json\/wp\/v2\/product_tag?post=12004"}],"curies":[{"name":"wp","href":"https:\/\/api.w.org\/{rel}","templated":true}]}}