{"id":12023,"date":"2021-06-23T13:51:42","date_gmt":"2021-06-23T13:51:42","guid":{"rendered":"https:\/\/server.idssoft.net\/idsdemo\/producto\/telefono-fijo-dl580-negro-gigaset\/"},"modified":"2021-06-23T13:51:42","modified_gmt":"2021-06-23T13:51:42","slug":"telefono-fijo-dl580-negro-gigaset","status":"publish","type":"product","link":"https:\/\/server.idssoft.net\/idsdemo\/producto\/telefono-fijo-dl580-negro-gigaset\/","title":{"rendered":"TELEFONO FIJO DL580 NEGRO GIGASET"},"content":{"rendered":"<p>Ergon\u00f3mico, c\u00f3modo y seguro &#8211; es lo que representa el tel\u00e9fono de sobremesa Gigaset DL580. Es f\u00e1cil de usar y combina la mejor calidad con los retos que trae la edad. Los tel\u00e9fonos Gigaset de la familia life incorporan todas las funciones que se<\/p>\n","protected":false},"excerpt":{"rendered":"<p>Ergon\u00f3mico, c\u00f3modo y seguro &#8211; es lo que representa el tel\u00e9fono de sobremesa Gigaset DL580. Es f\u00e1cil de usar y combina la mejor calidad con los retos que trae la edad. Los tel\u00e9fonos Gigaset de la familia life incorporan todas las funciones que se<\/p>\n","protected":false},"featured_media":12021,"comment_status":"open","ping_status":"closed","template":"","meta":[],"product_cat":[487],"product_tag":[],"class_list":["post-12023","product","type-product","status-publish","has-post-thumbnail","hentry","product_cat-telefona-fija-sobremesa","thunk-woo-product-list","opn-qv-enable","top-store-woo-hover-","top-store-single-product-tab-horizontal","top-store-shadow-","top-store-shadow-hover-"],"_links":{"self":[{"href":"https:\/\/server.idssoft.net\/idsdemo\/wp-json\/wp\/v2\/product\/12023","targetHints":{"allow":["GET"]}}],"collection":[{"href":"https:\/\/server.idssoft.net\/idsdemo\/wp-json\/wp\/v2\/product"}],"about":[{"href":"https:\/\/server.idssoft.net\/idsdemo\/wp-json\/wp\/v2\/types\/product"}],"replies":[{"embeddable":true,"href":"https:\/\/server.idssoft.net\/idsdemo\/wp-json\/wp\/v2\/comments?post=12023"}],"wp:featuredmedia":[{"embeddable":true,"href":"https:\/\/server.idssoft.net\/idsdemo\/wp-json\/wp\/v2\/media\/12021"}],"wp:attachment":[{"href":"https:\/\/server.idssoft.net\/idsdemo\/wp-json\/wp\/v2\/media?parent=12023"}],"wp:term":[{"taxonomy":"product_cat","embeddable":true,"href":"https:\/\/server.idssoft.net\/idsdemo\/wp-json\/wp\/v2\/product_cat?post=12023"},{"taxonomy":"product_tag","embeddable":true,"href":"https:\/\/server.idssoft.net\/idsdemo\/wp-json\/wp\/v2\/product_tag?post=12023"}],"curies":[{"name":"wp","href":"https:\/\/api.w.org\/{rel}","templated":true}]}}