{"id":12050,"date":"2021-06-23T13:52:35","date_gmt":"2021-06-23T13:52:35","guid":{"rendered":"https:\/\/server.idssoft.net\/idsdemo\/producto\/volante-pedales-t150-ferrari-wheel-force-feedback-ps5-ps4\/"},"modified":"2021-06-23T13:52:35","modified_gmt":"2021-06-23T13:52:35","slug":"volante-pedales-t150-ferrari-wheel-force-feedback-ps5-ps4","status":"publish","type":"product","link":"https:\/\/server.idssoft.net\/idsdemo\/producto\/volante-pedales-t150-ferrari-wheel-force-feedback-ps5-ps4\/","title":{"rendered":"VOLANTE + PEDALES T150 FERRARI WHEEL FORCE FEEDBACK PS5\/PS4\/"},"content":{"rendered":"<p>Thrustmaster T150 Ferrari Wheel Force Feedback. Tipo de dispositivo: Ruedas + Pedales, Plataformas de juego soportadas: PC, PlayStation 4, Playstation 3, Juegos de llaves de control de funci\u00f3n: D-pad, Select, Start. Tecnolog\u00eda de conectividad: Al\u00e1m<\/p>\n","protected":false},"excerpt":{"rendered":"<p>Thrustmaster T150 Ferrari Wheel Force Feedback. Tipo de dispositivo: Ruedas + Pedales, Plataformas de juego soportadas: PC, PlayStation 4, Playstation 3, Juegos de llaves de control de funci\u00f3n: D-pad, Select, Start. Tecnolog\u00eda de conectividad: Al\u00e1m<\/p>\n","protected":false},"featured_media":12048,"comment_status":"open","ping_status":"closed","template":"","meta":[],"product_cat":[460],"product_tag":[],"class_list":["post-12050","product","type-product","status-publish","has-post-thumbnail","hentry","product_cat-joystick","thunk-woo-product-list","opn-qv-enable","top-store-woo-hover-","top-store-single-product-tab-horizontal","top-store-shadow-","top-store-shadow-hover-"],"_links":{"self":[{"href":"https:\/\/server.idssoft.net\/idsdemo\/wp-json\/wp\/v2\/product\/12050","targetHints":{"allow":["GET"]}}],"collection":[{"href":"https:\/\/server.idssoft.net\/idsdemo\/wp-json\/wp\/v2\/product"}],"about":[{"href":"https:\/\/server.idssoft.net\/idsdemo\/wp-json\/wp\/v2\/types\/product"}],"replies":[{"embeddable":true,"href":"https:\/\/server.idssoft.net\/idsdemo\/wp-json\/wp\/v2\/comments?post=12050"}],"wp:featuredmedia":[{"embeddable":true,"href":"https:\/\/server.idssoft.net\/idsdemo\/wp-json\/wp\/v2\/media\/12048"}],"wp:attachment":[{"href":"https:\/\/server.idssoft.net\/idsdemo\/wp-json\/wp\/v2\/media?parent=12050"}],"wp:term":[{"taxonomy":"product_cat","embeddable":true,"href":"https:\/\/server.idssoft.net\/idsdemo\/wp-json\/wp\/v2\/product_cat?post=12050"},{"taxonomy":"product_tag","embeddable":true,"href":"https:\/\/server.idssoft.net\/idsdemo\/wp-json\/wp\/v2\/product_tag?post=12050"}],"curies":[{"name":"wp","href":"https:\/\/api.w.org\/{rel}","templated":true}]}}