{"id":12098,"date":"2021-06-23T13:53:59","date_gmt":"2021-06-23T13:53:59","guid":{"rendered":"https:\/\/server.idssoft.net\/idsdemo\/producto\/silla-oficina-of300-negro-muvip\/"},"modified":"2021-06-23T13:53:59","modified_gmt":"2021-06-23T13:53:59","slug":"silla-oficina-of300-negro-muvip","status":"publish","type":"product","link":"https:\/\/server.idssoft.net\/idsdemo\/producto\/silla-oficina-of300-negro-muvip\/","title":{"rendered":"SILLA OFICINA OF300 NEGRO MUVIP"},"content":{"rendered":"<p>&#8211; La altura de la silla se puede regular y te ofrece la m\u00e1xima comodidad.<br \/>&#8211; Con soporte lumbar para que tu espalda tenga m\u00e1s superficie de descanso y apoyo.<br \/>&#8211; Piston clase 2 100mm<br \/>&#8211; Base de acero cromado<br \/>&#8211; Peso m\u00e1ximo soportado:<\/p>\n","protected":false},"excerpt":{"rendered":"<p>&#8211; La altura de la silla se puede regular y te ofrece la m\u00e1xima comodidad.&#8211; Con soporte lumbar para que tu espalda tenga m\u00e1s superficie de descanso y apoyo.&#8211; Piston clase 2 100mm&#8211; Base de acero cromado&#8211; Peso m\u00e1ximo soportado:<\/p>\n","protected":false},"featured_media":12095,"comment_status":"open","ping_status":"closed","template":"","meta":[],"product_cat":[586],"product_tag":[],"class_list":["post-12098","product","type-product","status-publish","has-post-thumbnail","hentry","product_cat-sillas-oficina","thunk-woo-product-list","opn-qv-enable","top-store-woo-hover-","top-store-single-product-tab-horizontal","top-store-shadow-","top-store-shadow-hover-"],"_links":{"self":[{"href":"https:\/\/server.idssoft.net\/idsdemo\/wp-json\/wp\/v2\/product\/12098","targetHints":{"allow":["GET"]}}],"collection":[{"href":"https:\/\/server.idssoft.net\/idsdemo\/wp-json\/wp\/v2\/product"}],"about":[{"href":"https:\/\/server.idssoft.net\/idsdemo\/wp-json\/wp\/v2\/types\/product"}],"replies":[{"embeddable":true,"href":"https:\/\/server.idssoft.net\/idsdemo\/wp-json\/wp\/v2\/comments?post=12098"}],"wp:featuredmedia":[{"embeddable":true,"href":"https:\/\/server.idssoft.net\/idsdemo\/wp-json\/wp\/v2\/media\/12095"}],"wp:attachment":[{"href":"https:\/\/server.idssoft.net\/idsdemo\/wp-json\/wp\/v2\/media?parent=12098"}],"wp:term":[{"taxonomy":"product_cat","embeddable":true,"href":"https:\/\/server.idssoft.net\/idsdemo\/wp-json\/wp\/v2\/product_cat?post=12098"},{"taxonomy":"product_tag","embeddable":true,"href":"https:\/\/server.idssoft.net\/idsdemo\/wp-json\/wp\/v2\/product_tag?post=12098"}],"curies":[{"name":"wp","href":"https:\/\/api.w.org\/{rel}","templated":true}]}}