{"id":12112,"date":"2021-06-23T13:54:25","date_gmt":"2021-06-23T13:54:25","guid":{"rendered":"https:\/\/server.idssoft.net\/idsdemo\/producto\/cafetera-de-goteo-gc4060-800w-12-tazas-placa-calorifica\/"},"modified":"2021-06-23T13:54:25","modified_gmt":"2021-06-23T13:54:25","slug":"cafetera-de-goteo-gc4060-800w-12-tazas-placa-calorifica","status":"publish","type":"product","link":"https:\/\/server.idssoft.net\/idsdemo\/producto\/cafetera-de-goteo-gc4060-800w-12-tazas-placa-calorifica\/","title":{"rendered":"CAFETERA DE GOTEO GC4060 800W 12 TAZAS | PLACA CALOR\u00cdFICA |"},"content":{"rendered":"<p>Cafetera de goteo.<br \/>Capacidad de 12 tazas.<br \/>Capacidad de 1,3 L.<br \/>Dep\u00f3sito con indicador de nivel de agua.<br \/>Filtro permanente y extra\u00edble.<br \/>Jarra de cristal.<br \/>Piloto luminoso de funcionamiento.<br \/>Placa calor\u00edfica anti-adherente.&lt;<\/p>\n","protected":false},"excerpt":{"rendered":"<p>Cafetera de goteo.Capacidad de 12 tazas.Capacidad de 1,3 L.Dep\u00f3sito con indicador de nivel de agua.Filtro permanente y extra\u00edble.Jarra de cristal.Piloto luminoso de funcionamiento.Placa calor\u00edfica anti-adherente.&lt;<\/p>\n","protected":false},"featured_media":12110,"comment_status":"open","ping_status":"closed","template":"","meta":[],"product_cat":[502],"product_tag":[],"class_list":["post-12112","product","type-product","status-publish","has-post-thumbnail","hentry","product_cat-cafeteras-electricas","thunk-woo-product-list","opn-qv-enable","top-store-woo-hover-","top-store-single-product-tab-horizontal","top-store-shadow-","top-store-shadow-hover-"],"_links":{"self":[{"href":"https:\/\/server.idssoft.net\/idsdemo\/wp-json\/wp\/v2\/product\/12112","targetHints":{"allow":["GET"]}}],"collection":[{"href":"https:\/\/server.idssoft.net\/idsdemo\/wp-json\/wp\/v2\/product"}],"about":[{"href":"https:\/\/server.idssoft.net\/idsdemo\/wp-json\/wp\/v2\/types\/product"}],"replies":[{"embeddable":true,"href":"https:\/\/server.idssoft.net\/idsdemo\/wp-json\/wp\/v2\/comments?post=12112"}],"wp:featuredmedia":[{"embeddable":true,"href":"https:\/\/server.idssoft.net\/idsdemo\/wp-json\/wp\/v2\/media\/12110"}],"wp:attachment":[{"href":"https:\/\/server.idssoft.net\/idsdemo\/wp-json\/wp\/v2\/media?parent=12112"}],"wp:term":[{"taxonomy":"product_cat","embeddable":true,"href":"https:\/\/server.idssoft.net\/idsdemo\/wp-json\/wp\/v2\/product_cat?post=12112"},{"taxonomy":"product_tag","embeddable":true,"href":"https:\/\/server.idssoft.net\/idsdemo\/wp-json\/wp\/v2\/product_tag?post=12112"}],"curies":[{"name":"wp","href":"https:\/\/api.w.org\/{rel}","templated":true}]}}