{"id":12139,"date":"2021-06-23T13:55:06","date_gmt":"2021-06-23T13:55:06","guid":{"rendered":"https:\/\/server.idssoft.net\/idsdemo\/producto\/cafetera-vitro-expres-3-tazas-aluminio-antiadherente-calderi\/"},"modified":"2021-06-23T13:55:06","modified_gmt":"2021-06-23T13:55:06","slug":"cafetera-vitro-expres-3-tazas-aluminio-antiadherente-calderi","status":"publish","type":"product","link":"https:\/\/server.idssoft.net\/idsdemo\/producto\/cafetera-vitro-expres-3-tazas-aluminio-antiadherente-calderi\/","title":{"rendered":"CAFETERA VITRO EXPRES 3 TAZAS ALUMINIO ANTIADHERENTE CALDERI"},"content":{"rendered":"<p>Cafetera Express de aluminio con recubrimiento antiadherente.<br \/>Mango fabricado en baquelita termo-resistente con formato ergon\u00f3mico.<br \/>Acabado exterior mate<br \/>Dise\u00f1o interior del calder\u00edn sin cantos para una limpieza m\u00e1s c\u00f3moda.<\/p>\n","protected":false},"excerpt":{"rendered":"<p>Cafetera Express de aluminio con recubrimiento antiadherente.Mango fabricado en baquelita termo-resistente con formato ergon\u00f3mico.Acabado exterior mateDise\u00f1o interior del calder\u00edn sin cantos para una limpieza m\u00e1s c\u00f3moda.<\/p>\n","protected":false},"featured_media":12137,"comment_status":"open","ping_status":"closed","template":"","meta":[],"product_cat":[531],"product_tag":[],"class_list":["post-12139","product","type-product","status-publish","has-post-thumbnail","hentry","product_cat-cafeteras","thunk-woo-product-list","opn-qv-enable","top-store-woo-hover-","top-store-single-product-tab-horizontal","top-store-shadow-","top-store-shadow-hover-"],"_links":{"self":[{"href":"https:\/\/server.idssoft.net\/idsdemo\/wp-json\/wp\/v2\/product\/12139","targetHints":{"allow":["GET"]}}],"collection":[{"href":"https:\/\/server.idssoft.net\/idsdemo\/wp-json\/wp\/v2\/product"}],"about":[{"href":"https:\/\/server.idssoft.net\/idsdemo\/wp-json\/wp\/v2\/types\/product"}],"replies":[{"embeddable":true,"href":"https:\/\/server.idssoft.net\/idsdemo\/wp-json\/wp\/v2\/comments?post=12139"}],"wp:featuredmedia":[{"embeddable":true,"href":"https:\/\/server.idssoft.net\/idsdemo\/wp-json\/wp\/v2\/media\/12137"}],"wp:attachment":[{"href":"https:\/\/server.idssoft.net\/idsdemo\/wp-json\/wp\/v2\/media?parent=12139"}],"wp:term":[{"taxonomy":"product_cat","embeddable":true,"href":"https:\/\/server.idssoft.net\/idsdemo\/wp-json\/wp\/v2\/product_cat?post=12139"},{"taxonomy":"product_tag","embeddable":true,"href":"https:\/\/server.idssoft.net\/idsdemo\/wp-json\/wp\/v2\/product_tag?post=12139"}],"curies":[{"name":"wp","href":"https:\/\/api.w.org\/{rel}","templated":true}]}}