{"id":12145,"date":"2021-06-23T13:55:16","date_gmt":"2021-06-23T13:55:16","guid":{"rendered":"https:\/\/server.idssoft.net\/idsdemo\/producto\/auriculares-bluetooth-tws-a6x-negro\/"},"modified":"2021-06-23T13:55:16","modified_gmt":"2021-06-23T13:55:16","slug":"auriculares-bluetooth-tws-a6x-negro","status":"publish","type":"product","link":"https:\/\/server.idssoft.net\/idsdemo\/producto\/auriculares-bluetooth-tws-a6x-negro\/","title":{"rendered":"AURICULARES BLUETOOTH TWS A6X NEGRO"},"content":{"rendered":"<p>\u00a1Ren\u00faevate! Olvida los viejos auriculares con cables y hazte con lo \u00faltimo en auriculares inal\u00e1mbricos con caja cargador incorporada. Escucha m\u00fasica mientras haces ejercicios o responde llamadas mientras paseas o trabajas con facilidad gracias a<\/p>\n","protected":false},"excerpt":{"rendered":"<p>\u00a1Ren\u00faevate! Olvida los viejos auriculares con cables y hazte con lo \u00faltimo en auriculares inal\u00e1mbricos con caja cargador incorporada. Escucha m\u00fasica mientras haces ejercicios o responde llamadas mientras paseas o trabajas con facilidad gracias a<\/p>\n","protected":false},"featured_media":12143,"comment_status":"open","ping_status":"closed","template":"","meta":[],"product_cat":[477],"product_tag":[],"class_list":["post-12145","product","type-product","status-publish","has-post-thumbnail","hentry","product_cat-auriculares-bluetooth-tws","thunk-woo-product-list","opn-qv-enable","top-store-woo-hover-","top-store-single-product-tab-horizontal","top-store-shadow-","top-store-shadow-hover-"],"_links":{"self":[{"href":"https:\/\/server.idssoft.net\/idsdemo\/wp-json\/wp\/v2\/product\/12145","targetHints":{"allow":["GET"]}}],"collection":[{"href":"https:\/\/server.idssoft.net\/idsdemo\/wp-json\/wp\/v2\/product"}],"about":[{"href":"https:\/\/server.idssoft.net\/idsdemo\/wp-json\/wp\/v2\/types\/product"}],"replies":[{"embeddable":true,"href":"https:\/\/server.idssoft.net\/idsdemo\/wp-json\/wp\/v2\/comments?post=12145"}],"wp:featuredmedia":[{"embeddable":true,"href":"https:\/\/server.idssoft.net\/idsdemo\/wp-json\/wp\/v2\/media\/12143"}],"wp:attachment":[{"href":"https:\/\/server.idssoft.net\/idsdemo\/wp-json\/wp\/v2\/media?parent=12145"}],"wp:term":[{"taxonomy":"product_cat","embeddable":true,"href":"https:\/\/server.idssoft.net\/idsdemo\/wp-json\/wp\/v2\/product_cat?post=12145"},{"taxonomy":"product_tag","embeddable":true,"href":"https:\/\/server.idssoft.net\/idsdemo\/wp-json\/wp\/v2\/product_tag?post=12145"}],"curies":[{"name":"wp","href":"https:\/\/api.w.org\/{rel}","templated":true}]}}