{"id":12163,"date":"2021-06-23T13:55:43","date_gmt":"2021-06-23T13:55:43","guid":{"rendered":"https:\/\/server.idssoft.net\/idsdemo\/producto\/raton-inalambrico-imouse-negro-cromad\/"},"modified":"2021-06-23T13:55:43","modified_gmt":"2021-06-23T13:55:43","slug":"raton-inalambrico-imouse-negro-cromad","status":"publish","type":"product","link":"https:\/\/server.idssoft.net\/idsdemo\/producto\/raton-inalambrico-imouse-negro-cromad\/","title":{"rendered":"Raton Inalambrico iMouse Negro CROMAD"},"content":{"rendered":"<p>Hasta 10 metros de alcance.<br \/>Incluye Mini Receptor USB.<br \/>M\u00e1xima autonomia de bateria, hasta 12 meses.<br \/>3 botones accesibles.<br \/>Baterias 2 x AAA (no incluidas).<br \/>Dise\u00f1o c\u00f3modo.<br \/>M\u00e1xima precisi\u00f3n.<br \/>Tacto suave.<br \/>Dispo<\/p>\n","protected":false},"excerpt":{"rendered":"<p>Hasta 10 metros de alcance.Incluye Mini Receptor USB.M\u00e1xima autonomia de bateria, hasta 12 meses.3 botones accesibles.Baterias 2 x AAA (no incluidas).Dise\u00f1o c\u00f3modo.M\u00e1xima precisi\u00f3n.Tacto suave.Dispo<\/p>\n","protected":false},"featured_media":12161,"comment_status":"open","ping_status":"closed","template":"","meta":[],"product_cat":[480],"product_tag":[],"class_list":["post-12163","product","type-product","status-publish","has-post-thumbnail","hentry","product_cat-ratones","thunk-woo-product-list","opn-qv-enable","top-store-woo-hover-","top-store-single-product-tab-horizontal","top-store-shadow-","top-store-shadow-hover-"],"_links":{"self":[{"href":"https:\/\/server.idssoft.net\/idsdemo\/wp-json\/wp\/v2\/product\/12163","targetHints":{"allow":["GET"]}}],"collection":[{"href":"https:\/\/server.idssoft.net\/idsdemo\/wp-json\/wp\/v2\/product"}],"about":[{"href":"https:\/\/server.idssoft.net\/idsdemo\/wp-json\/wp\/v2\/types\/product"}],"replies":[{"embeddable":true,"href":"https:\/\/server.idssoft.net\/idsdemo\/wp-json\/wp\/v2\/comments?post=12163"}],"wp:featuredmedia":[{"embeddable":true,"href":"https:\/\/server.idssoft.net\/idsdemo\/wp-json\/wp\/v2\/media\/12161"}],"wp:attachment":[{"href":"https:\/\/server.idssoft.net\/idsdemo\/wp-json\/wp\/v2\/media?parent=12163"}],"wp:term":[{"taxonomy":"product_cat","embeddable":true,"href":"https:\/\/server.idssoft.net\/idsdemo\/wp-json\/wp\/v2\/product_cat?post=12163"},{"taxonomy":"product_tag","embeddable":true,"href":"https:\/\/server.idssoft.net\/idsdemo\/wp-json\/wp\/v2\/product_tag?post=12163"}],"curies":[{"name":"wp","href":"https:\/\/api.w.org\/{rel}","templated":true}]}}