{"id":12199,"date":"2021-06-23T13:56:50","date_gmt":"2021-06-23T13:56:50","guid":{"rendered":"https:\/\/server.idssoft.net\/idsdemo\/producto\/auricular-microfono-gaming-gxt-307-ravu-negro-trust\/"},"modified":"2021-06-23T13:56:50","modified_gmt":"2021-06-23T13:56:50","slug":"auricular-microfono-gaming-gxt-307-ravu-negro-trust","status":"publish","type":"product","link":"https:\/\/server.idssoft.net\/idsdemo\/producto\/auricular-microfono-gaming-gxt-307-ravu-negro-trust\/","title":{"rendered":"AURICULAR + MICROFONO GAMING GXT 307 RAVU NEGRO TRUST"},"content":{"rendered":"<p>Auriculares circumaurales para juegos con micr\u00f3fono plegable y diadema ajustable<\/p>\n<p>&#8211; Suaves y c\u00f3modas almohadillas circumaurales<br \/>&#8211; Sonido potente<br \/>&#8211; Micr\u00f3fono plegable y corto y diadema ajustable<br \/>&#8211; Mando a distancia integrado con<\/p>\n","protected":false},"excerpt":{"rendered":"<p>Auriculares circumaurales para juegos con micr\u00f3fono plegable y diadema ajustable &#8211; Suaves y c\u00f3modas almohadillas circumaurales&#8211; Sonido potente&#8211; Micr\u00f3fono plegable y corto y diadema ajustable&#8211; Mando a distancia integrado con<\/p>\n","protected":false},"featured_media":12197,"comment_status":"open","ping_status":"closed","template":"","meta":[],"product_cat":[559],"product_tag":[],"class_list":["post-12199","product","type-product","status-publish","has-post-thumbnail","hentry","product_cat-auriculares-gaming","thunk-woo-product-list","opn-qv-enable","top-store-woo-hover-","top-store-single-product-tab-horizontal","top-store-shadow-","top-store-shadow-hover-"],"_links":{"self":[{"href":"https:\/\/server.idssoft.net\/idsdemo\/wp-json\/wp\/v2\/product\/12199","targetHints":{"allow":["GET"]}}],"collection":[{"href":"https:\/\/server.idssoft.net\/idsdemo\/wp-json\/wp\/v2\/product"}],"about":[{"href":"https:\/\/server.idssoft.net\/idsdemo\/wp-json\/wp\/v2\/types\/product"}],"replies":[{"embeddable":true,"href":"https:\/\/server.idssoft.net\/idsdemo\/wp-json\/wp\/v2\/comments?post=12199"}],"wp:featuredmedia":[{"embeddable":true,"href":"https:\/\/server.idssoft.net\/idsdemo\/wp-json\/wp\/v2\/media\/12197"}],"wp:attachment":[{"href":"https:\/\/server.idssoft.net\/idsdemo\/wp-json\/wp\/v2\/media?parent=12199"}],"wp:term":[{"taxonomy":"product_cat","embeddable":true,"href":"https:\/\/server.idssoft.net\/idsdemo\/wp-json\/wp\/v2\/product_cat?post=12199"},{"taxonomy":"product_tag","embeddable":true,"href":"https:\/\/server.idssoft.net\/idsdemo\/wp-json\/wp\/v2\/product_tag?post=12199"}],"curies":[{"name":"wp","href":"https:\/\/api.w.org\/{rel}","templated":true}]}}