{"id":12206,"date":"2021-06-23T13:57:04","date_gmt":"2021-06-23T13:57:04","guid":{"rendered":"https:\/\/server.idssoft.net\/idsdemo\/producto\/bascula-mi-smart-scale-2-bluetooth-xiaomi\/"},"modified":"2021-06-23T13:57:04","modified_gmt":"2021-06-23T13:57:04","slug":"bascula-mi-smart-scale-2-bluetooth-xiaomi","status":"publish","type":"product","link":"https:\/\/server.idssoft.net\/idsdemo\/producto\/bascula-mi-smart-scale-2-bluetooth-xiaomi\/","title":{"rendered":"BASCULA MI SMART SCALE 2 BLUETOOTH XIAOMI"},"content":{"rendered":"<p>Xiaomi Mi Smart Scale 2. Tipo: B\u00e1scula personal electr\u00f3nica, Capacidad m\u00e1xima de peso: 150 kg, Precisi\u00f3n: 50 g. Pantalla: LED. Ancho: 300 mm, Profundidad: 300 mm, Altura: 22 mm. Cantidad por paquete: 1 pieza(s). Tipo de bater\u00eda: AAA, Duraci\u00f3n de<\/p>\n","protected":false},"excerpt":{"rendered":"<p>Xiaomi Mi Smart Scale 2. Tipo: B\u00e1scula personal electr\u00f3nica, Capacidad m\u00e1xima de peso: 150 kg, Precisi\u00f3n: 50 g. Pantalla: LED. Ancho: 300 mm, Profundidad: 300 mm, Altura: 22 mm. Cantidad por paquete: 1 pieza(s). Tipo de bater\u00eda: AAA, Duraci\u00f3n de<\/p>\n","protected":false},"featured_media":12204,"comment_status":"open","ping_status":"closed","template":"","meta":[],"product_cat":[510],"product_tag":[],"class_list":["post-12206","product","type-product","status-publish","has-post-thumbnail","hentry","product_cat-basculas-bao","thunk-woo-product-list","opn-qv-enable","top-store-woo-hover-","top-store-single-product-tab-horizontal","top-store-shadow-","top-store-shadow-hover-"],"_links":{"self":[{"href":"https:\/\/server.idssoft.net\/idsdemo\/wp-json\/wp\/v2\/product\/12206","targetHints":{"allow":["GET"]}}],"collection":[{"href":"https:\/\/server.idssoft.net\/idsdemo\/wp-json\/wp\/v2\/product"}],"about":[{"href":"https:\/\/server.idssoft.net\/idsdemo\/wp-json\/wp\/v2\/types\/product"}],"replies":[{"embeddable":true,"href":"https:\/\/server.idssoft.net\/idsdemo\/wp-json\/wp\/v2\/comments?post=12206"}],"wp:featuredmedia":[{"embeddable":true,"href":"https:\/\/server.idssoft.net\/idsdemo\/wp-json\/wp\/v2\/media\/12204"}],"wp:attachment":[{"href":"https:\/\/server.idssoft.net\/idsdemo\/wp-json\/wp\/v2\/media?parent=12206"}],"wp:term":[{"taxonomy":"product_cat","embeddable":true,"href":"https:\/\/server.idssoft.net\/idsdemo\/wp-json\/wp\/v2\/product_cat?post=12206"},{"taxonomy":"product_tag","embeddable":true,"href":"https:\/\/server.idssoft.net\/idsdemo\/wp-json\/wp\/v2\/product_tag?post=12206"}],"curies":[{"name":"wp","href":"https:\/\/api.w.org\/{rel}","templated":true}]}}