{"id":12289,"date":"2021-06-23T14:00:22","date_gmt":"2021-06-23T14:00:22","guid":{"rendered":"https:\/\/server.idssoft.net\/idsdemo\/producto\/auricular-b24-cd-design-bluetooth-rojo-xo\/"},"modified":"2021-06-23T14:00:22","modified_gmt":"2021-06-23T14:00:22","slug":"auricular-b24-cd-design-bluetooth-rojo-xo","status":"publish","type":"product","link":"https:\/\/server.idssoft.net\/idsdemo\/producto\/auricular-b24-cd-design-bluetooth-rojo-xo\/","title":{"rendered":"AURICULAR B24 CD DESIGN BLUETOOTH ROJO XO"},"content":{"rendered":"<p>&#8211; Dise\u00f1o exclusivo tipo CD<br \/>&#8211; De aspecto elegante y confortable<br \/>&#8211; Bluetooth 4.2<br \/>&#8211; Bater\u00eda larga duraci\u00f3n: 300mAh<br \/>&#8211; Duraci\u00f3n de la bater\u00eda: hasta 14 horas<br \/>&#8211; Duraci\u00f3n de la carga: 3 horas aproximadamente<br \/>&#8211; Standby: has<\/p>\n","protected":false},"excerpt":{"rendered":"<p>&#8211; Dise\u00f1o exclusivo tipo CD&#8211; De aspecto elegante y confortable&#8211; Bluetooth 4.2&#8211; Bater\u00eda larga duraci\u00f3n: 300mAh&#8211; Duraci\u00f3n de la bater\u00eda: hasta 14 horas&#8211; Duraci\u00f3n de la carga: 3 horas aproximadamente&#8211; Standby: has<\/p>\n","protected":false},"featured_media":12287,"comment_status":"open","ping_status":"closed","template":"","meta":[],"product_cat":[476],"product_tag":[],"class_list":["post-12289","product","type-product","status-publish","has-post-thumbnail","hentry","product_cat-auriculares-bluetooth","thunk-woo-product-list","opn-qv-enable","top-store-woo-hover-","top-store-single-product-tab-horizontal","top-store-shadow-","top-store-shadow-hover-"],"_links":{"self":[{"href":"https:\/\/server.idssoft.net\/idsdemo\/wp-json\/wp\/v2\/product\/12289","targetHints":{"allow":["GET"]}}],"collection":[{"href":"https:\/\/server.idssoft.net\/idsdemo\/wp-json\/wp\/v2\/product"}],"about":[{"href":"https:\/\/server.idssoft.net\/idsdemo\/wp-json\/wp\/v2\/types\/product"}],"replies":[{"embeddable":true,"href":"https:\/\/server.idssoft.net\/idsdemo\/wp-json\/wp\/v2\/comments?post=12289"}],"wp:featuredmedia":[{"embeddable":true,"href":"https:\/\/server.idssoft.net\/idsdemo\/wp-json\/wp\/v2\/media\/12287"}],"wp:attachment":[{"href":"https:\/\/server.idssoft.net\/idsdemo\/wp-json\/wp\/v2\/media?parent=12289"}],"wp:term":[{"taxonomy":"product_cat","embeddable":true,"href":"https:\/\/server.idssoft.net\/idsdemo\/wp-json\/wp\/v2\/product_cat?post=12289"},{"taxonomy":"product_tag","embeddable":true,"href":"https:\/\/server.idssoft.net\/idsdemo\/wp-json\/wp\/v2\/product_tag?post=12289"}],"curies":[{"name":"wp","href":"https:\/\/api.w.org\/{rel}","templated":true}]}}