{"id":12292,"date":"2021-06-23T14:00:31","date_gmt":"2021-06-23T14:00:31","guid":{"rendered":"https:\/\/server.idssoft.net\/idsdemo\/producto\/transmisor-fm-bcc01-bluetooth-xo\/"},"modified":"2021-06-23T14:00:31","modified_gmt":"2021-06-23T14:00:31","slug":"transmisor-fm-bcc01-bluetooth-xo","status":"publish","type":"product","link":"https:\/\/server.idssoft.net\/idsdemo\/producto\/transmisor-fm-bcc01-bluetooth-xo\/","title":{"rendered":"TRANSMISOR FM BCC01 BLUETOOTH XO"},"content":{"rendered":"<p>&#8211; Puerto USB de carga inteligente 5V\/ 3.1A<br \/>&#8211; Pantalla LED<br \/>&#8211; Reproducci\u00f3n de m\u00fasica desde USB<br \/>&#8211; Soporta Bluetooth<br \/>&#8211; Funci\u00f3n manos libres bluetooth  <\/p>\n","protected":false},"excerpt":{"rendered":"<p>&#8211; Puerto USB de carga inteligente 5V\/ 3.1A&#8211; Pantalla LED&#8211; Reproducci\u00f3n de m\u00fasica desde USB&#8211; Soporta Bluetooth&#8211; Funci\u00f3n manos libres bluetooth<\/p>\n","protected":false},"featured_media":12290,"comment_status":"open","ping_status":"closed","template":"","meta":[],"product_cat":[645],"product_tag":[],"class_list":["post-12292","product","type-product","status-publish","has-post-thumbnail","hentry","product_cat-transmisores-fm","thunk-woo-product-list","opn-qv-enable","top-store-woo-hover-","top-store-single-product-tab-horizontal","top-store-shadow-","top-store-shadow-hover-"],"_links":{"self":[{"href":"https:\/\/server.idssoft.net\/idsdemo\/wp-json\/wp\/v2\/product\/12292","targetHints":{"allow":["GET"]}}],"collection":[{"href":"https:\/\/server.idssoft.net\/idsdemo\/wp-json\/wp\/v2\/product"}],"about":[{"href":"https:\/\/server.idssoft.net\/idsdemo\/wp-json\/wp\/v2\/types\/product"}],"replies":[{"embeddable":true,"href":"https:\/\/server.idssoft.net\/idsdemo\/wp-json\/wp\/v2\/comments?post=12292"}],"wp:featuredmedia":[{"embeddable":true,"href":"https:\/\/server.idssoft.net\/idsdemo\/wp-json\/wp\/v2\/media\/12290"}],"wp:attachment":[{"href":"https:\/\/server.idssoft.net\/idsdemo\/wp-json\/wp\/v2\/media?parent=12292"}],"wp:term":[{"taxonomy":"product_cat","embeddable":true,"href":"https:\/\/server.idssoft.net\/idsdemo\/wp-json\/wp\/v2\/product_cat?post=12292"},{"taxonomy":"product_tag","embeddable":true,"href":"https:\/\/server.idssoft.net\/idsdemo\/wp-json\/wp\/v2\/product_tag?post=12292"}],"curies":[{"name":"wp","href":"https:\/\/api.w.org\/{rel}","templated":true}]}}