{"id":12295,"date":"2021-06-23T14:00:39","date_gmt":"2021-06-23T14:00:39","guid":{"rendered":"https:\/\/server.idssoft.net\/idsdemo\/producto\/auricular-be2-tws-touch-blueooth-xo\/"},"modified":"2021-06-23T14:00:39","modified_gmt":"2021-06-23T14:00:39","slug":"auricular-be2-tws-touch-blueooth-xo","status":"publish","type":"product","link":"https:\/\/server.idssoft.net\/idsdemo\/producto\/auricular-be2-tws-touch-blueooth-xo\/","title":{"rendered":"AURICULAR BE2 TWS TOUCH BLUEOOTH XO"},"content":{"rendered":"<p>&#8211; Bluetooth 5.0<br \/>&#8211; Control t\u00e1ctil<br \/>&#8211; Bateria auricular: 30mAH<br \/>&#8211; Bateria caja de carga: 200mAh<br \/>&#8211; Duraci\u00f3n de la bater\u00eda: hasta 3 horas<br \/>&#8211; Duraci\u00f3n de la carga: 1 hora aproximadamente  <\/p>\n","protected":false},"excerpt":{"rendered":"<p>&#8211; Bluetooth 5.0&#8211; Control t\u00e1ctil&#8211; Bateria auricular: 30mAH&#8211; Bateria caja de carga: 200mAh&#8211; Duraci\u00f3n de la bater\u00eda: hasta 3 horas&#8211; Duraci\u00f3n de la carga: 1 hora aproximadamente<\/p>\n","protected":false},"featured_media":12293,"comment_status":"open","ping_status":"closed","template":"","meta":[],"product_cat":[477],"product_tag":[],"class_list":["post-12295","product","type-product","status-publish","has-post-thumbnail","hentry","product_cat-auriculares-bluetooth-tws","thunk-woo-product-list","opn-qv-enable","top-store-woo-hover-","top-store-single-product-tab-horizontal","top-store-shadow-","top-store-shadow-hover-"],"_links":{"self":[{"href":"https:\/\/server.idssoft.net\/idsdemo\/wp-json\/wp\/v2\/product\/12295","targetHints":{"allow":["GET"]}}],"collection":[{"href":"https:\/\/server.idssoft.net\/idsdemo\/wp-json\/wp\/v2\/product"}],"about":[{"href":"https:\/\/server.idssoft.net\/idsdemo\/wp-json\/wp\/v2\/types\/product"}],"replies":[{"embeddable":true,"href":"https:\/\/server.idssoft.net\/idsdemo\/wp-json\/wp\/v2\/comments?post=12295"}],"wp:featuredmedia":[{"embeddable":true,"href":"https:\/\/server.idssoft.net\/idsdemo\/wp-json\/wp\/v2\/media\/12293"}],"wp:attachment":[{"href":"https:\/\/server.idssoft.net\/idsdemo\/wp-json\/wp\/v2\/media?parent=12295"}],"wp:term":[{"taxonomy":"product_cat","embeddable":true,"href":"https:\/\/server.idssoft.net\/idsdemo\/wp-json\/wp\/v2\/product_cat?post=12295"},{"taxonomy":"product_tag","embeddable":true,"href":"https:\/\/server.idssoft.net\/idsdemo\/wp-json\/wp\/v2\/product_tag?post=12295"}],"curies":[{"name":"wp","href":"https:\/\/api.w.org\/{rel}","templated":true}]}}