{"id":12299,"date":"2021-06-23T14:00:49","date_gmt":"2021-06-23T14:00:49","guid":{"rendered":"https:\/\/server.idssoft.net\/idsdemo\/producto\/soporte-coche-gravity-c31-xo\/"},"modified":"2021-06-23T14:00:49","modified_gmt":"2021-06-23T14:00:49","slug":"soporte-coche-gravity-c31-xo","status":"publish","type":"product","link":"https:\/\/server.idssoft.net\/idsdemo\/producto\/soporte-coche-gravity-c31-xo\/","title":{"rendered":"SOPORTE COCHE GRAVITY C31 XO"},"content":{"rendered":"<p>&#8211; Soporte directo a la salida de aire<br \/>&#8211; Se adapta al tama\u00f1o de su smartphone<br \/>&#8211; Con solo colocar el tel\u00e9fono encima el soporte por gravedad lo bloquea de forma autom\u00e1tica. Para desbloquearlo levante el tel\u00e9fono \u00fanicamente.  <\/p>\n","protected":false},"excerpt":{"rendered":"<p>&#8211; Soporte directo a la salida de aire&#8211; Se adapta al tama\u00f1o de su smartphone&#8211; Con solo colocar el tel\u00e9fono encima el soporte por gravedad lo bloquea de forma autom\u00e1tica. Para desbloquearlo levante el tel\u00e9fono \u00fanicamente.<\/p>\n","protected":false},"featured_media":12296,"comment_status":"open","ping_status":"closed","template":"","meta":[],"product_cat":[642],"product_tag":[],"class_list":["post-12299","product","type-product","status-publish","has-post-thumbnail","hentry","product_cat-accesorios-smartphone-coche","thunk-woo-product-list","opn-qv-enable","top-store-woo-hover-","top-store-single-product-tab-horizontal","top-store-shadow-","top-store-shadow-hover-"],"_links":{"self":[{"href":"https:\/\/server.idssoft.net\/idsdemo\/wp-json\/wp\/v2\/product\/12299","targetHints":{"allow":["GET"]}}],"collection":[{"href":"https:\/\/server.idssoft.net\/idsdemo\/wp-json\/wp\/v2\/product"}],"about":[{"href":"https:\/\/server.idssoft.net\/idsdemo\/wp-json\/wp\/v2\/types\/product"}],"replies":[{"embeddable":true,"href":"https:\/\/server.idssoft.net\/idsdemo\/wp-json\/wp\/v2\/comments?post=12299"}],"wp:featuredmedia":[{"embeddable":true,"href":"https:\/\/server.idssoft.net\/idsdemo\/wp-json\/wp\/v2\/media\/12296"}],"wp:attachment":[{"href":"https:\/\/server.idssoft.net\/idsdemo\/wp-json\/wp\/v2\/media?parent=12299"}],"wp:term":[{"taxonomy":"product_cat","embeddable":true,"href":"https:\/\/server.idssoft.net\/idsdemo\/wp-json\/wp\/v2\/product_cat?post=12299"},{"taxonomy":"product_tag","embeddable":true,"href":"https:\/\/server.idssoft.net\/idsdemo\/wp-json\/wp\/v2\/product_tag?post=12299"}],"curies":[{"name":"wp","href":"https:\/\/api.w.org\/{rel}","templated":true}]}}