{"id":12451,"date":"2021-06-23T14:05:30","date_gmt":"2021-06-23T14:05:30","guid":{"rendered":"https:\/\/server.idssoft.net\/idsdemo\/producto\/auricular-serie-pro-w200-bluetooth-coolsound\/"},"modified":"2021-06-23T14:05:30","modified_gmt":"2021-06-23T14:05:30","slug":"auricular-serie-pro-w200-bluetooth-coolsound","status":"publish","type":"product","link":"https:\/\/server.idssoft.net\/idsdemo\/producto\/auricular-serie-pro-w200-bluetooth-coolsound\/","title":{"rendered":"AURICULAR SERIE PRO W200 BLUETOOTH COOLSOUND"},"content":{"rendered":"<p>Caracter\u00edsticas:<br \/>Driver Altavoz: 32Omnios, di\u00e1metro 40mm<br \/>Bater\u00eda: 250mAh<br \/>Bluetooth 5.0<br \/>Distancia de trabajo: 10 metros.<br \/>Autonom\u00eda de uso: hasta 6 horas aprox<br \/>Tiempo de carga: menos de 2 horas<br \/>Frecuencia: 20Hz-18K<\/p>\n","protected":false},"excerpt":{"rendered":"<p>Caracter\u00edsticas:Driver Altavoz: 32Omnios, di\u00e1metro 40mmBater\u00eda: 250mAhBluetooth 5.0Distancia de trabajo: 10 metros.Autonom\u00eda de uso: hasta 6 horas aproxTiempo de carga: menos de 2 horasFrecuencia: 20Hz-18K<\/p>\n","protected":false},"featured_media":12449,"comment_status":"open","ping_status":"closed","template":"","meta":[],"product_cat":[476],"product_tag":[],"class_list":["post-12451","product","type-product","status-publish","has-post-thumbnail","hentry","product_cat-auriculares-bluetooth","thunk-woo-product-list","opn-qv-enable","top-store-woo-hover-","top-store-single-product-tab-horizontal","top-store-shadow-","top-store-shadow-hover-"],"_links":{"self":[{"href":"https:\/\/server.idssoft.net\/idsdemo\/wp-json\/wp\/v2\/product\/12451","targetHints":{"allow":["GET"]}}],"collection":[{"href":"https:\/\/server.idssoft.net\/idsdemo\/wp-json\/wp\/v2\/product"}],"about":[{"href":"https:\/\/server.idssoft.net\/idsdemo\/wp-json\/wp\/v2\/types\/product"}],"replies":[{"embeddable":true,"href":"https:\/\/server.idssoft.net\/idsdemo\/wp-json\/wp\/v2\/comments?post=12451"}],"wp:featuredmedia":[{"embeddable":true,"href":"https:\/\/server.idssoft.net\/idsdemo\/wp-json\/wp\/v2\/media\/12449"}],"wp:attachment":[{"href":"https:\/\/server.idssoft.net\/idsdemo\/wp-json\/wp\/v2\/media?parent=12451"}],"wp:term":[{"taxonomy":"product_cat","embeddable":true,"href":"https:\/\/server.idssoft.net\/idsdemo\/wp-json\/wp\/v2\/product_cat?post=12451"},{"taxonomy":"product_tag","embeddable":true,"href":"https:\/\/server.idssoft.net\/idsdemo\/wp-json\/wp\/v2\/product_tag?post=12451"}],"curies":[{"name":"wp","href":"https:\/\/api.w.org\/{rel}","templated":true}]}}