{"id":12457,"date":"2021-06-23T14:05:40","date_gmt":"2021-06-23T14:05:40","guid":{"rendered":"https:\/\/server.idssoft.net\/idsdemo\/producto\/pizarra-digital-smart-pad-90-negra-9-22-86cm-cristal-liq\/"},"modified":"2021-06-23T14:05:40","modified_gmt":"2021-06-23T14:05:40","slug":"pizarra-digital-smart-pad-90-negra-9-22-86cm-cristal-liq","status":"publish","type":"product","link":"https:\/\/server.idssoft.net\/idsdemo\/producto\/pizarra-digital-smart-pad-90-negra-9-22-86cm-cristal-liq\/","title":{"rendered":"PIZARRA DIGITAL SMART PAD 90 NEGRA | 9\/22.86CM | CRISTAL LIQ"},"content":{"rendered":"<p>&#8211; Pizarra electr\u00f3nica Smart Pad 90 con pantalla de cristal l\u00edquido borrable ideal para dibujar o poner recordatorios.<br \/>&#8211; Incorpora un avanzado sensor de presi\u00f3n (10-200g) y una pantalla con 9&#8242; de cristal l\u00edquido con tonalidad verde de escritura<\/p>\n","protected":false},"excerpt":{"rendered":"<p>&#8211; Pizarra electr\u00f3nica Smart Pad 90 con pantalla de cristal l\u00edquido borrable ideal para dibujar o poner recordatorios.&#8211; Incorpora un avanzado sensor de presi\u00f3n (10-200g) y una pantalla con 9&#8242; de cristal l\u00edquido con tonalidad verde de escritura<\/p>\n","protected":false},"featured_media":12455,"comment_status":"open","ping_status":"closed","template":"","meta":[],"product_cat":[453],"product_tag":[],"class_list":["post-12457","product","type-product","status-publish","has-post-thumbnail","hentry","product_cat-monitores","thunk-woo-product-list","opn-qv-enable","top-store-woo-hover-","top-store-single-product-tab-horizontal","top-store-shadow-","top-store-shadow-hover-"],"_links":{"self":[{"href":"https:\/\/server.idssoft.net\/idsdemo\/wp-json\/wp\/v2\/product\/12457","targetHints":{"allow":["GET"]}}],"collection":[{"href":"https:\/\/server.idssoft.net\/idsdemo\/wp-json\/wp\/v2\/product"}],"about":[{"href":"https:\/\/server.idssoft.net\/idsdemo\/wp-json\/wp\/v2\/types\/product"}],"replies":[{"embeddable":true,"href":"https:\/\/server.idssoft.net\/idsdemo\/wp-json\/wp\/v2\/comments?post=12457"}],"wp:featuredmedia":[{"embeddable":true,"href":"https:\/\/server.idssoft.net\/idsdemo\/wp-json\/wp\/v2\/media\/12455"}],"wp:attachment":[{"href":"https:\/\/server.idssoft.net\/idsdemo\/wp-json\/wp\/v2\/media?parent=12457"}],"wp:term":[{"taxonomy":"product_cat","embeddable":true,"href":"https:\/\/server.idssoft.net\/idsdemo\/wp-json\/wp\/v2\/product_cat?post=12457"},{"taxonomy":"product_tag","embeddable":true,"href":"https:\/\/server.idssoft.net\/idsdemo\/wp-json\/wp\/v2\/product_tag?post=12457"}],"curies":[{"name":"wp","href":"https:\/\/api.w.org\/{rel}","templated":true}]}}