{"id":12511,"date":"2021-06-23T14:07:35","date_gmt":"2021-06-23T14:07:35","guid":{"rendered":"https:\/\/server.idssoft.net\/idsdemo\/producto\/casquillo-ceramico-gu10\/"},"modified":"2021-06-23T14:07:35","modified_gmt":"2021-06-23T14:07:35","slug":"casquillo-ceramico-gu10","status":"publish","type":"product","link":"https:\/\/server.idssoft.net\/idsdemo\/producto\/casquillo-ceramico-gu10\/","title":{"rendered":"CASQUILLO CER\u00c1MICO GU10"},"content":{"rendered":"<p>&#8211; Casquillo: GU10- Potencia M\u00e1xima: 40W- Alimentaci\u00f3n: 230V &#8211; 240V \/ 50Hz- Color Blanco  <\/p>\n","protected":false},"excerpt":{"rendered":"<p>&#8211; Casquillo: GU10- Potencia M\u00e1xima: 40W- Alimentaci\u00f3n: 230V &#8211; 240V \/ 50Hz- Color Blanco<\/p>\n","protected":false},"featured_media":12510,"comment_status":"open","ping_status":"closed","template":"","meta":[],"product_cat":[620],"product_tag":[],"class_list":["post-12511","product","type-product","status-publish","has-post-thumbnail","hentry","product_cat-bombillas-led-gu10","thunk-woo-product-list","opn-qv-enable","top-store-woo-hover-","top-store-single-product-tab-horizontal","top-store-shadow-","top-store-shadow-hover-"],"_links":{"self":[{"href":"https:\/\/server.idssoft.net\/idsdemo\/wp-json\/wp\/v2\/product\/12511","targetHints":{"allow":["GET"]}}],"collection":[{"href":"https:\/\/server.idssoft.net\/idsdemo\/wp-json\/wp\/v2\/product"}],"about":[{"href":"https:\/\/server.idssoft.net\/idsdemo\/wp-json\/wp\/v2\/types\/product"}],"replies":[{"embeddable":true,"href":"https:\/\/server.idssoft.net\/idsdemo\/wp-json\/wp\/v2\/comments?post=12511"}],"wp:featuredmedia":[{"embeddable":true,"href":"https:\/\/server.idssoft.net\/idsdemo\/wp-json\/wp\/v2\/media\/12510"}],"wp:attachment":[{"href":"https:\/\/server.idssoft.net\/idsdemo\/wp-json\/wp\/v2\/media?parent=12511"}],"wp:term":[{"taxonomy":"product_cat","embeddable":true,"href":"https:\/\/server.idssoft.net\/idsdemo\/wp-json\/wp\/v2\/product_cat?post=12511"},{"taxonomy":"product_tag","embeddable":true,"href":"https:\/\/server.idssoft.net\/idsdemo\/wp-json\/wp\/v2\/product_tag?post=12511"}],"curies":[{"name":"wp","href":"https:\/\/api.w.org\/{rel}","templated":true}]}}