{"id":12603,"date":"2021-06-23T14:10:34","date_gmt":"2021-06-23T14:10:34","guid":{"rendered":"https:\/\/server.idssoft.net\/idsdemo\/producto\/ejercitador-muscular-tonifica-musculos-ligero-y-compacto\/"},"modified":"2021-06-23T14:10:34","modified_gmt":"2021-06-23T14:10:34","slug":"ejercitador-muscular-tonifica-musculos-ligero-y-compacto","status":"publish","type":"product","link":"https:\/\/server.idssoft.net\/idsdemo\/producto\/ejercitador-muscular-tonifica-musculos-ligero-y-compacto\/","title":{"rendered":"EJERCITADOR MUSCULAR | TONIFICA M\u00daSCULOS | LIGERO Y COMPACTO"},"content":{"rendered":"<p>&#8211; El ejercitador muscular de Jocca es ideal para tonificar los m\u00fasculos y conseguir una figura m\u00e1s esbelta ya que permite realizar gran variedad de ejercicios para fortalecer los muslos, brazos, gl\u00fateos, caderas, pectorales y abdomen. Es ligero y c<\/p>\n","protected":false},"excerpt":{"rendered":"<p>&#8211; El ejercitador muscular de Jocca es ideal para tonificar los m\u00fasculos y conseguir una figura m\u00e1s esbelta ya que permite realizar gran variedad de ejercicios para fortalecer los muslos, brazos, gl\u00fateos, caderas, pectorales y abdomen. Es ligero y c<\/p>\n","protected":false},"featured_media":12601,"comment_status":"open","ping_status":"closed","template":"","meta":[],"product_cat":[583],"product_tag":[],"class_list":["post-12603","product","type-product","status-publish","has-post-thumbnail","hentry","product_cat-ejercicio-muscular","thunk-woo-product-list","opn-qv-enable","top-store-woo-hover-","top-store-single-product-tab-horizontal","top-store-shadow-","top-store-shadow-hover-"],"_links":{"self":[{"href":"https:\/\/server.idssoft.net\/idsdemo\/wp-json\/wp\/v2\/product\/12603","targetHints":{"allow":["GET"]}}],"collection":[{"href":"https:\/\/server.idssoft.net\/idsdemo\/wp-json\/wp\/v2\/product"}],"about":[{"href":"https:\/\/server.idssoft.net\/idsdemo\/wp-json\/wp\/v2\/types\/product"}],"replies":[{"embeddable":true,"href":"https:\/\/server.idssoft.net\/idsdemo\/wp-json\/wp\/v2\/comments?post=12603"}],"wp:featuredmedia":[{"embeddable":true,"href":"https:\/\/server.idssoft.net\/idsdemo\/wp-json\/wp\/v2\/media\/12601"}],"wp:attachment":[{"href":"https:\/\/server.idssoft.net\/idsdemo\/wp-json\/wp\/v2\/media?parent=12603"}],"wp:term":[{"taxonomy":"product_cat","embeddable":true,"href":"https:\/\/server.idssoft.net\/idsdemo\/wp-json\/wp\/v2\/product_cat?post=12603"},{"taxonomy":"product_tag","embeddable":true,"href":"https:\/\/server.idssoft.net\/idsdemo\/wp-json\/wp\/v2\/product_tag?post=12603"}],"curies":[{"name":"wp","href":"https:\/\/api.w.org\/{rel}","templated":true}]}}