{"id":12639,"date":"2021-06-23T14:11:42","date_gmt":"2021-06-23T14:11:42","guid":{"rendered":"https:\/\/server.idssoft.net\/idsdemo\/producto\/mesa-infantil-baby-azul-56x50x44cm\/"},"modified":"2021-06-23T14:11:42","modified_gmt":"2021-06-23T14:11:42","slug":"mesa-infantil-baby-azul-56x50x44cm","status":"publish","type":"product","link":"https:\/\/server.idssoft.net\/idsdemo\/producto\/mesa-infantil-baby-azul-56x50x44cm\/","title":{"rendered":"MESA INFANTIL BABY AZUL 56X50X44CM"},"content":{"rendered":"<p>&#8211; Mesa infantil para ni\u00f1os de 2 +<br \/>&#8211; Pl\u00e1stico duradero y f\u00e1cil de limpiar.<br \/>&#8211; Apilables.  <\/p>\n","protected":false},"excerpt":{"rendered":"<p>&#8211; Mesa infantil para ni\u00f1os de 2 +&#8211; Pl\u00e1stico duradero y f\u00e1cil de limpiar.&#8211; Apilables.<\/p>\n","protected":false},"featured_media":12638,"comment_status":"open","ping_status":"closed","template":"","meta":[],"product_cat":[532],"product_tag":[],"class_list":["post-12639","product","type-product","status-publish","has-post-thumbnail","hentry","product_cat-mesas","thunk-woo-product-list","opn-qv-enable","top-store-woo-hover-","top-store-single-product-tab-horizontal","top-store-shadow-","top-store-shadow-hover-"],"_links":{"self":[{"href":"https:\/\/server.idssoft.net\/idsdemo\/wp-json\/wp\/v2\/product\/12639","targetHints":{"allow":["GET"]}}],"collection":[{"href":"https:\/\/server.idssoft.net\/idsdemo\/wp-json\/wp\/v2\/product"}],"about":[{"href":"https:\/\/server.idssoft.net\/idsdemo\/wp-json\/wp\/v2\/types\/product"}],"replies":[{"embeddable":true,"href":"https:\/\/server.idssoft.net\/idsdemo\/wp-json\/wp\/v2\/comments?post=12639"}],"wp:featuredmedia":[{"embeddable":true,"href":"https:\/\/server.idssoft.net\/idsdemo\/wp-json\/wp\/v2\/media\/12638"}],"wp:attachment":[{"href":"https:\/\/server.idssoft.net\/idsdemo\/wp-json\/wp\/v2\/media?parent=12639"}],"wp:term":[{"taxonomy":"product_cat","embeddable":true,"href":"https:\/\/server.idssoft.net\/idsdemo\/wp-json\/wp\/v2\/product_cat?post=12639"},{"taxonomy":"product_tag","embeddable":true,"href":"https:\/\/server.idssoft.net\/idsdemo\/wp-json\/wp\/v2\/product_tag?post=12639"}],"curies":[{"name":"wp","href":"https:\/\/api.w.org\/{rel}","templated":true}]}}