{"id":12674,"date":"2021-06-23T14:12:57","date_gmt":"2021-06-23T14:12:57","guid":{"rendered":"https:\/\/server.idssoft.net\/idsdemo\/producto\/cafetera-exp5000-800w-3-5bar-deposito-de-agua-vaporiza\/"},"modified":"2021-06-23T14:12:57","modified_gmt":"2021-06-23T14:12:57","slug":"cafetera-exp5000-800w-3-5bar-deposito-de-agua-vaporiza","status":"publish","type":"product","link":"https:\/\/server.idssoft.net\/idsdemo\/producto\/cafetera-exp5000-800w-3-5bar-deposito-de-agua-vaporiza\/","title":{"rendered":"CAFETERA EXP5000 800W | 3.5BAR | DEPOSITO DE AGUA | VAPORIZA"},"content":{"rendered":"<p>&#8211; Cafetera a presi\u00f3n INOX: Presi\u00f3n: 3,5 Bares.<br \/>&#8211; INOX.<br \/>&#8211; Capacidad: de 2 a 4 tazas.<br \/>&#8211; FUNCIONES: Expresso, Pausa, Apagado, Vaporizador. Bandeja de goteo. Extra\u00edble para f\u00e1cil limpieza. Vaporizador para cappuccino o calentar l\u00edquidos.&lt;<\/p>\n","protected":false},"excerpt":{"rendered":"<p>&#8211; Cafetera a presi\u00f3n INOX: Presi\u00f3n: 3,5 Bares.&#8211; INOX.&#8211; Capacidad: de 2 a 4 tazas.&#8211; FUNCIONES: Expresso, Pausa, Apagado, Vaporizador. Bandeja de goteo. Extra\u00edble para f\u00e1cil limpieza. Vaporizador para cappuccino o calentar l\u00edquidos.&lt;<\/p>\n","protected":false},"featured_media":12672,"comment_status":"open","ping_status":"closed","template":"","meta":[],"product_cat":[502],"product_tag":[],"class_list":["post-12674","product","type-product","status-publish","has-post-thumbnail","hentry","product_cat-cafeteras-electricas","thunk-woo-product-list","opn-qv-enable","top-store-woo-hover-","top-store-single-product-tab-horizontal","top-store-shadow-","top-store-shadow-hover-"],"_links":{"self":[{"href":"https:\/\/server.idssoft.net\/idsdemo\/wp-json\/wp\/v2\/product\/12674","targetHints":{"allow":["GET"]}}],"collection":[{"href":"https:\/\/server.idssoft.net\/idsdemo\/wp-json\/wp\/v2\/product"}],"about":[{"href":"https:\/\/server.idssoft.net\/idsdemo\/wp-json\/wp\/v2\/types\/product"}],"replies":[{"embeddable":true,"href":"https:\/\/server.idssoft.net\/idsdemo\/wp-json\/wp\/v2\/comments?post=12674"}],"wp:featuredmedia":[{"embeddable":true,"href":"https:\/\/server.idssoft.net\/idsdemo\/wp-json\/wp\/v2\/media\/12672"}],"wp:attachment":[{"href":"https:\/\/server.idssoft.net\/idsdemo\/wp-json\/wp\/v2\/media?parent=12674"}],"wp:term":[{"taxonomy":"product_cat","embeddable":true,"href":"https:\/\/server.idssoft.net\/idsdemo\/wp-json\/wp\/v2\/product_cat?post=12674"},{"taxonomy":"product_tag","embeddable":true,"href":"https:\/\/server.idssoft.net\/idsdemo\/wp-json\/wp\/v2\/product_tag?post=12674"}],"curies":[{"name":"wp","href":"https:\/\/api.w.org\/{rel}","templated":true}]}}