{"id":12711,"date":"2021-06-23T14:13:57","date_gmt":"2021-06-23T14:13:57","guid":{"rendered":"https:\/\/server.idssoft.net\/idsdemo\/producto\/cepillo-facial-fc-45-2-intensidades-masaje-rotatorio-ipx7-be\/"},"modified":"2021-06-23T14:13:57","modified_gmt":"2021-06-23T14:13:57","slug":"cepillo-facial-fc-45-2-intensidades-masaje-rotatorio-ipx7-be","status":"publish","type":"product","link":"https:\/\/server.idssoft.net\/idsdemo\/producto\/cepillo-facial-fc-45-2-intensidades-masaje-rotatorio-ipx7-be\/","title":{"rendered":"CEPILLO FACIAL FC-45 2 INTENSIDADES MASAJE ROTATORIO IPX7 BE"},"content":{"rendered":"<p>Este cepillo de limpieza facial es muy \u00fatil para el cuidado diario del cutis con la ventaja que es 4 veces m\u00e1s profundo que la limpieza manual. Los dos niveles de rotaci\u00f3n ayudan a mejorar la circulaci\u00f3n sangu\u00ednea y tambi\u00e9n se puede utilizar baj<\/p>\n","protected":false},"excerpt":{"rendered":"<p>Este cepillo de limpieza facial es muy \u00fatil para el cuidado diario del cutis con la ventaja que es 4 veces m\u00e1s profundo que la limpieza manual. Los dos niveles de rotaci\u00f3n ayudan a mejorar la circulaci\u00f3n sangu\u00ednea y tambi\u00e9n se puede utilizar baj<\/p>\n","protected":false},"featured_media":12709,"comment_status":"open","ping_status":"closed","template":"","meta":[],"product_cat":[556],"product_tag":[],"class_list":["post-12711","product","type-product","status-publish","has-post-thumbnail","hentry","product_cat-cuidado-de-la-piel","thunk-woo-product-list","opn-qv-enable","top-store-woo-hover-","top-store-single-product-tab-horizontal","top-store-shadow-","top-store-shadow-hover-"],"_links":{"self":[{"href":"https:\/\/server.idssoft.net\/idsdemo\/wp-json\/wp\/v2\/product\/12711","targetHints":{"allow":["GET"]}}],"collection":[{"href":"https:\/\/server.idssoft.net\/idsdemo\/wp-json\/wp\/v2\/product"}],"about":[{"href":"https:\/\/server.idssoft.net\/idsdemo\/wp-json\/wp\/v2\/types\/product"}],"replies":[{"embeddable":true,"href":"https:\/\/server.idssoft.net\/idsdemo\/wp-json\/wp\/v2\/comments?post=12711"}],"wp:featuredmedia":[{"embeddable":true,"href":"https:\/\/server.idssoft.net\/idsdemo\/wp-json\/wp\/v2\/media\/12709"}],"wp:attachment":[{"href":"https:\/\/server.idssoft.net\/idsdemo\/wp-json\/wp\/v2\/media?parent=12711"}],"wp:term":[{"taxonomy":"product_cat","embeddable":true,"href":"https:\/\/server.idssoft.net\/idsdemo\/wp-json\/wp\/v2\/product_cat?post=12711"},{"taxonomy":"product_tag","embeddable":true,"href":"https:\/\/server.idssoft.net\/idsdemo\/wp-json\/wp\/v2\/product_tag?post=12711"}],"curies":[{"name":"wp","href":"https:\/\/api.w.org\/{rel}","templated":true}]}}