{"id":12717,"date":"2021-06-23T14:14:06","date_gmt":"2021-06-23T14:14:06","guid":{"rendered":"https:\/\/server.idssoft.net\/idsdemo\/producto\/cafetera-expresso-ex5000-20bar-deposito-1-3l-cafe-moli\/"},"modified":"2021-06-23T14:14:06","modified_gmt":"2021-06-23T14:14:06","slug":"cafetera-expresso-ex5000-20bar-deposito-1-3l-cafe-moli","status":"publish","type":"product","link":"https:\/\/server.idssoft.net\/idsdemo\/producto\/cafetera-expresso-ex5000-20bar-deposito-1-3l-cafe-moli\/","title":{"rendered":"CAFETERA EXPRESSO EX5000 | 20BAR | DEPOSITO 1.3L | CAFE MOLI"},"content":{"rendered":"<p>&#8211; Cafetera para espresso y cappuccino.<br \/>&#8211; Potencia: 1050 W.<br \/>&#8211; 20 bar de presi\u00f3n.<br \/>&#8211; Control electr\u00f3nico.<br \/>&#8211; Dep\u00f3sito de agua transparente de 1.3 L extra\u00edble.<br \/>&#8211; Permite utilizar tanto caf\u00e9 molido como monodosis.<br \/>&#8211; V\u00e1lvula de<\/p>\n","protected":false},"excerpt":{"rendered":"<p>&#8211; Cafetera para espresso y cappuccino.&#8211; Potencia: 1050 W.&#8211; 20 bar de presi\u00f3n.&#8211; Control electr\u00f3nico.&#8211; Dep\u00f3sito de agua transparente de 1.3 L extra\u00edble.&#8211; Permite utilizar tanto caf\u00e9 molido como monodosis.&#8211; V\u00e1lvula de<\/p>\n","protected":false},"featured_media":12715,"comment_status":"open","ping_status":"closed","template":"","meta":[],"product_cat":[502],"product_tag":[],"class_list":["post-12717","product","type-product","status-publish","has-post-thumbnail","hentry","product_cat-cafeteras-electricas","thunk-woo-product-list","opn-qv-enable","top-store-woo-hover-","top-store-single-product-tab-horizontal","top-store-shadow-","top-store-shadow-hover-"],"_links":{"self":[{"href":"https:\/\/server.idssoft.net\/idsdemo\/wp-json\/wp\/v2\/product\/12717","targetHints":{"allow":["GET"]}}],"collection":[{"href":"https:\/\/server.idssoft.net\/idsdemo\/wp-json\/wp\/v2\/product"}],"about":[{"href":"https:\/\/server.idssoft.net\/idsdemo\/wp-json\/wp\/v2\/types\/product"}],"replies":[{"embeddable":true,"href":"https:\/\/server.idssoft.net\/idsdemo\/wp-json\/wp\/v2\/comments?post=12717"}],"wp:featuredmedia":[{"embeddable":true,"href":"https:\/\/server.idssoft.net\/idsdemo\/wp-json\/wp\/v2\/media\/12715"}],"wp:attachment":[{"href":"https:\/\/server.idssoft.net\/idsdemo\/wp-json\/wp\/v2\/media?parent=12717"}],"wp:term":[{"taxonomy":"product_cat","embeddable":true,"href":"https:\/\/server.idssoft.net\/idsdemo\/wp-json\/wp\/v2\/product_cat?post=12717"},{"taxonomy":"product_tag","embeddable":true,"href":"https:\/\/server.idssoft.net\/idsdemo\/wp-json\/wp\/v2\/product_tag?post=12717"}],"curies":[{"name":"wp","href":"https:\/\/api.w.org\/{rel}","templated":true}]}}