{"id":12720,"date":"2021-06-23T14:14:12","date_gmt":"2021-06-23T14:14:12","guid":{"rendered":"https:\/\/server.idssoft.net\/idsdemo\/producto\/microondas-mi-2115-700w-20litros-5-niveles-descongelac\/"},"modified":"2021-06-23T14:14:12","modified_gmt":"2021-06-23T14:14:12","slug":"microondas-mi-2115-700w-20litros-5-niveles-descongelac","status":"publish","type":"product","link":"https:\/\/server.idssoft.net\/idsdemo\/producto\/microondas-mi-2115-700w-20litros-5-niveles-descongelac\/","title":{"rendered":"MICROONDAS MI-2115 700W | 20LITROS | 5 NIVELES | DESCONGELAC"},"content":{"rendered":"<p>Su tama\u00f1o compacto y capacidad de 20 litros lo convierten en la elecci\u00f3n ideal para cualquier cocina y decoraci\u00f3n. No necesita instalaci\u00f3n, simplemente colocarlo en el lugar deseado, conectarlo a la corriente el\u00e9ctrica y estar\u00e1 listo para usar.<\/p>\n","protected":false},"excerpt":{"rendered":"<p>Su tama\u00f1o compacto y capacidad de 20 litros lo convierten en la elecci\u00f3n ideal para cualquier cocina y decoraci\u00f3n. No necesita instalaci\u00f3n, simplemente colocarlo en el lugar deseado, conectarlo a la corriente el\u00e9ctrica y estar\u00e1 listo para usar.<\/p>\n","protected":false},"featured_media":12718,"comment_status":"open","ping_status":"closed","template":"","meta":[],"product_cat":[577],"product_tag":[],"class_list":["post-12720","product","type-product","status-publish","has-post-thumbnail","hentry","product_cat-hornos-microondas","thunk-woo-product-list","opn-qv-enable","top-store-woo-hover-","top-store-single-product-tab-horizontal","top-store-shadow-","top-store-shadow-hover-"],"_links":{"self":[{"href":"https:\/\/server.idssoft.net\/idsdemo\/wp-json\/wp\/v2\/product\/12720","targetHints":{"allow":["GET"]}}],"collection":[{"href":"https:\/\/server.idssoft.net\/idsdemo\/wp-json\/wp\/v2\/product"}],"about":[{"href":"https:\/\/server.idssoft.net\/idsdemo\/wp-json\/wp\/v2\/types\/product"}],"replies":[{"embeddable":true,"href":"https:\/\/server.idssoft.net\/idsdemo\/wp-json\/wp\/v2\/comments?post=12720"}],"wp:featuredmedia":[{"embeddable":true,"href":"https:\/\/server.idssoft.net\/idsdemo\/wp-json\/wp\/v2\/media\/12718"}],"wp:attachment":[{"href":"https:\/\/server.idssoft.net\/idsdemo\/wp-json\/wp\/v2\/media?parent=12720"}],"wp:term":[{"taxonomy":"product_cat","embeddable":true,"href":"https:\/\/server.idssoft.net\/idsdemo\/wp-json\/wp\/v2\/product_cat?post=12720"},{"taxonomy":"product_tag","embeddable":true,"href":"https:\/\/server.idssoft.net\/idsdemo\/wp-json\/wp\/v2\/product_tag?post=12720"}],"curies":[{"name":"wp","href":"https:\/\/api.w.org\/{rel}","templated":true}]}}