{"id":12775,"date":"2021-06-23T14:15:56","date_gmt":"2021-06-23T14:15:56","guid":{"rendered":"https:\/\/server.idssoft.net\/idsdemo\/producto\/impresora-hp-laser-monocromo-prom203dn-duplex-usb-lan\/"},"modified":"2021-06-23T14:15:56","modified_gmt":"2021-06-23T14:15:56","slug":"impresora-hp-laser-monocromo-prom203dn-duplex-usb-lan","status":"publish","type":"product","link":"https:\/\/server.idssoft.net\/idsdemo\/producto\/impresora-hp-laser-monocromo-prom203dn-duplex-usb-lan\/","title":{"rendered":"IMPRESORA HP LASER MONOCROMO PROM203DN | DUPLEX | USB, LAN"},"content":{"rendered":"<p>&#8211; Funciones: Impresi\u00f3n<br \/>&#8211; Sensor de papel autom\u00e1tico: No<br \/>&#8211; Admite impresi\u00f3n directa: Impresi\u00f3n USB<br \/>&#8211; Impresi\u00f3n a doble cara: Autom\u00e1tica (est\u00e1ndar)<br \/>&#8211; Ciclo de trabajo (mensual, carta): Hasta 30.000 p\u00e1ginas<br \/>&#8211; Ciclo de trabajo<\/p>\n","protected":false},"excerpt":{"rendered":"<p>&#8211; Funciones: Impresi\u00f3n&#8211; Sensor de papel autom\u00e1tico: No&#8211; Admite impresi\u00f3n directa: Impresi\u00f3n USB&#8211; Impresi\u00f3n a doble cara: Autom\u00e1tica (est\u00e1ndar)&#8211; Ciclo de trabajo (mensual, carta): Hasta 30.000 p\u00e1ginas&#8211; Ciclo de trabajo<\/p>\n","protected":false},"featured_media":12773,"comment_status":"open","ping_status":"closed","template":"","meta":[],"product_cat":[459],"product_tag":[],"class_list":["post-12775","product","type-product","status-publish","has-post-thumbnail","hentry","product_cat-impresoras-laser","thunk-woo-product-list","opn-qv-enable","top-store-woo-hover-","top-store-single-product-tab-horizontal","top-store-shadow-","top-store-shadow-hover-"],"_links":{"self":[{"href":"https:\/\/server.idssoft.net\/idsdemo\/wp-json\/wp\/v2\/product\/12775","targetHints":{"allow":["GET"]}}],"collection":[{"href":"https:\/\/server.idssoft.net\/idsdemo\/wp-json\/wp\/v2\/product"}],"about":[{"href":"https:\/\/server.idssoft.net\/idsdemo\/wp-json\/wp\/v2\/types\/product"}],"replies":[{"embeddable":true,"href":"https:\/\/server.idssoft.net\/idsdemo\/wp-json\/wp\/v2\/comments?post=12775"}],"wp:featuredmedia":[{"embeddable":true,"href":"https:\/\/server.idssoft.net\/idsdemo\/wp-json\/wp\/v2\/media\/12773"}],"wp:attachment":[{"href":"https:\/\/server.idssoft.net\/idsdemo\/wp-json\/wp\/v2\/media?parent=12775"}],"wp:term":[{"taxonomy":"product_cat","embeddable":true,"href":"https:\/\/server.idssoft.net\/idsdemo\/wp-json\/wp\/v2\/product_cat?post=12775"},{"taxonomy":"product_tag","embeddable":true,"href":"https:\/\/server.idssoft.net\/idsdemo\/wp-json\/wp\/v2\/product_tag?post=12775"}],"curies":[{"name":"wp","href":"https:\/\/api.w.org\/{rel}","templated":true}]}}