{"id":12778,"date":"2021-06-23T14:16:01","date_gmt":"2021-06-23T14:16:01","guid":{"rendered":"https:\/\/server.idssoft.net\/idsdemo\/producto\/telefono-movil-spc-jasper-2-8-teclas-grandes-whatsapp\/"},"modified":"2021-06-23T14:16:01","modified_gmt":"2021-06-23T14:16:01","slug":"telefono-movil-spc-jasper-2-8-teclas-grandes-whatsapp","status":"publish","type":"product","link":"https:\/\/server.idssoft.net\/idsdemo\/producto\/telefono-movil-spc-jasper-2-8-teclas-grandes-whatsapp\/","title":{"rendered":"TELEFONO MOVIL SPC JASPER | 2.8 | TECLAS GRANDES | WHATSAPP"},"content":{"rendered":"<p>PANTALLA<br \/>Principal 2.8&#034; QVGA Resoluci\u00f3n 320&#215;240 pixels<br \/>Exterior 1.44&#034; TFT resoluci\u00f3n 128&#215;128 pixels<br \/>Indicador se\u00f1al 4G. Estado de la bater\u00eda<br \/>&#8211; CARACTER\u00cdSTICAS DE LLAMADA<br \/>Mensaje de Whatsapp, texto SMS Y MMS. Tonos poli<\/p>\n","protected":false},"excerpt":{"rendered":"<p>PANTALLAPrincipal 2.8&#034; QVGA Resoluci\u00f3n 320&#215;240 pixelsExterior 1.44&#034; TFT resoluci\u00f3n 128&#215;128 pixelsIndicador se\u00f1al 4G. Estado de la bater\u00eda&#8211; CARACTER\u00cdSTICAS DE LLAMADAMensaje de Whatsapp, texto SMS Y MMS. Tonos poli<\/p>\n","protected":false},"featured_media":12776,"comment_status":"open","ping_status":"closed","template":"","meta":[],"product_cat":[489],"product_tag":[],"class_list":["post-12778","product","type-product","status-publish","has-post-thumbnail","hentry","product_cat-telefonia-movil-gama-baja","thunk-woo-product-list","opn-qv-enable","top-store-woo-hover-","top-store-single-product-tab-horizontal","top-store-shadow-","top-store-shadow-hover-"],"_links":{"self":[{"href":"https:\/\/server.idssoft.net\/idsdemo\/wp-json\/wp\/v2\/product\/12778","targetHints":{"allow":["GET"]}}],"collection":[{"href":"https:\/\/server.idssoft.net\/idsdemo\/wp-json\/wp\/v2\/product"}],"about":[{"href":"https:\/\/server.idssoft.net\/idsdemo\/wp-json\/wp\/v2\/types\/product"}],"replies":[{"embeddable":true,"href":"https:\/\/server.idssoft.net\/idsdemo\/wp-json\/wp\/v2\/comments?post=12778"}],"wp:featuredmedia":[{"embeddable":true,"href":"https:\/\/server.idssoft.net\/idsdemo\/wp-json\/wp\/v2\/media\/12776"}],"wp:attachment":[{"href":"https:\/\/server.idssoft.net\/idsdemo\/wp-json\/wp\/v2\/media?parent=12778"}],"wp:term":[{"taxonomy":"product_cat","embeddable":true,"href":"https:\/\/server.idssoft.net\/idsdemo\/wp-json\/wp\/v2\/product_cat?post=12778"},{"taxonomy":"product_tag","embeddable":true,"href":"https:\/\/server.idssoft.net\/idsdemo\/wp-json\/wp\/v2\/product_tag?post=12778"}],"curies":[{"name":"wp","href":"https:\/\/api.w.org\/{rel}","templated":true}]}}