{"id":12780,"date":"2021-06-23T14:16:06","date_gmt":"2021-06-23T14:16:06","guid":{"rendered":"https:\/\/server.idssoft.net\/idsdemo\/producto\/telefono-movil-spc-velvet-negro-2-4-dual-sim-btcamara\/"},"modified":"2021-06-23T14:16:06","modified_gmt":"2021-06-23T14:16:06","slug":"telefono-movil-spc-velvet-negro-2-4-dual-sim-btcamara","status":"publish","type":"product","link":"https:\/\/server.idssoft.net\/idsdemo\/producto\/telefono-movil-spc-velvet-negro-2-4-dual-sim-btcamara\/","title":{"rendered":"TELEFONO MOVIL SPC VELVET NEGRO | 2.4 | DUAL SIM | BT,CAMARA"},"content":{"rendered":"<p>&#8211; PANTALLA<br \/>Resoluci\u00f3n TN de 320&#215;240 pixels.<br \/>Tama\u00f1o pantalla: 2.4&#8242;.<br \/>Con n\u00fameros y letras grandes en pantalla.<br \/>Indicador de se\u00f1al GSM.<br \/>Estado de la bater\u00eda.<br \/>&#8211; CARACTER\u00cdSTICAS DE LLAMADA<br \/>Agenda de 500 contactos.<br \/>Mens<\/p>\n","protected":false},"excerpt":{"rendered":"<p>&#8211; PANTALLAResoluci\u00f3n TN de 320&#215;240 pixels.Tama\u00f1o pantalla: 2.4&#8242;.Con n\u00fameros y letras grandes en pantalla.Indicador de se\u00f1al GSM.Estado de la bater\u00eda.&#8211; CARACTER\u00cdSTICAS DE LLAMADAAgenda de 500 contactos.Mens<\/p>\n","protected":false},"featured_media":12779,"comment_status":"open","ping_status":"closed","template":"","meta":[],"product_cat":[489],"product_tag":[],"class_list":["post-12780","product","type-product","status-publish","has-post-thumbnail","hentry","product_cat-telefonia-movil-gama-baja","thunk-woo-product-list","opn-qv-enable","top-store-woo-hover-","top-store-single-product-tab-horizontal","top-store-shadow-","top-store-shadow-hover-"],"_links":{"self":[{"href":"https:\/\/server.idssoft.net\/idsdemo\/wp-json\/wp\/v2\/product\/12780","targetHints":{"allow":["GET"]}}],"collection":[{"href":"https:\/\/server.idssoft.net\/idsdemo\/wp-json\/wp\/v2\/product"}],"about":[{"href":"https:\/\/server.idssoft.net\/idsdemo\/wp-json\/wp\/v2\/types\/product"}],"replies":[{"embeddable":true,"href":"https:\/\/server.idssoft.net\/idsdemo\/wp-json\/wp\/v2\/comments?post=12780"}],"wp:featuredmedia":[{"embeddable":true,"href":"https:\/\/server.idssoft.net\/idsdemo\/wp-json\/wp\/v2\/media\/12779"}],"wp:attachment":[{"href":"https:\/\/server.idssoft.net\/idsdemo\/wp-json\/wp\/v2\/media?parent=12780"}],"wp:term":[{"taxonomy":"product_cat","embeddable":true,"href":"https:\/\/server.idssoft.net\/idsdemo\/wp-json\/wp\/v2\/product_cat?post=12780"},{"taxonomy":"product_tag","embeddable":true,"href":"https:\/\/server.idssoft.net\/idsdemo\/wp-json\/wp\/v2\/product_tag?post=12780"}],"curies":[{"name":"wp","href":"https:\/\/api.w.org\/{rel}","templated":true}]}}