{"id":12862,"date":"2021-06-23T14:18:32","date_gmt":"2021-06-23T14:18:32","guid":{"rendered":"https:\/\/server.idssoft.net\/idsdemo\/producto\/exprimidor-ep2500-100w-incluye-2-conos-orbegozo\/"},"modified":"2021-06-23T14:18:32","modified_gmt":"2021-06-23T14:18:32","slug":"exprimidor-ep2500-100w-incluye-2-conos-orbegozo","status":"publish","type":"product","link":"https:\/\/server.idssoft.net\/idsdemo\/producto\/exprimidor-ep2500-100w-incluye-2-conos-orbegozo\/","title":{"rendered":"EXPRIMIDOR EP2500 100W | INCLUYE 2 CONOS ORBEGOZO"},"content":{"rendered":"<p>&#8211; Potencia 100W.<br \/>&#8211; Motor AC.<br \/>&#8211; Protecci\u00f3n para mantener el aroma.<br \/>&#8211; 2 conos de exprimir.<br \/>&#8211; Sistema anti goteo.<br \/>&#8211; Funci\u00f3n autom\u00e1tica giro derecha \/ izquierda.<br \/>&#8211; Funci\u00f3n autom\u00e1tica Arranque \/ Parada.<br \/>&#8211; Conexi\u00f3n: 220-240<\/p>\n","protected":false},"excerpt":{"rendered":"<p>&#8211; Potencia 100W.&#8211; Motor AC.&#8211; Protecci\u00f3n para mantener el aroma.&#8211; 2 conos de exprimir.&#8211; Sistema anti goteo.&#8211; Funci\u00f3n autom\u00e1tica giro derecha \/ izquierda.&#8211; Funci\u00f3n autom\u00e1tica Arranque \/ Parada.&#8211; Conexi\u00f3n: 220-240<\/p>\n","protected":false},"featured_media":12860,"comment_status":"open","ping_status":"closed","template":"","meta":[],"product_cat":[501],"product_tag":[],"class_list":["post-12862","product","type-product","status-publish","has-post-thumbnail","hentry","product_cat-exprimidores-licuadoras","thunk-woo-product-list","opn-qv-enable","top-store-woo-hover-","top-store-single-product-tab-horizontal","top-store-shadow-","top-store-shadow-hover-"],"_links":{"self":[{"href":"https:\/\/server.idssoft.net\/idsdemo\/wp-json\/wp\/v2\/product\/12862","targetHints":{"allow":["GET"]}}],"collection":[{"href":"https:\/\/server.idssoft.net\/idsdemo\/wp-json\/wp\/v2\/product"}],"about":[{"href":"https:\/\/server.idssoft.net\/idsdemo\/wp-json\/wp\/v2\/types\/product"}],"replies":[{"embeddable":true,"href":"https:\/\/server.idssoft.net\/idsdemo\/wp-json\/wp\/v2\/comments?post=12862"}],"wp:featuredmedia":[{"embeddable":true,"href":"https:\/\/server.idssoft.net\/idsdemo\/wp-json\/wp\/v2\/media\/12860"}],"wp:attachment":[{"href":"https:\/\/server.idssoft.net\/idsdemo\/wp-json\/wp\/v2\/media?parent=12862"}],"wp:term":[{"taxonomy":"product_cat","embeddable":true,"href":"https:\/\/server.idssoft.net\/idsdemo\/wp-json\/wp\/v2\/product_cat?post=12862"},{"taxonomy":"product_tag","embeddable":true,"href":"https:\/\/server.idssoft.net\/idsdemo\/wp-json\/wp\/v2\/product_tag?post=12862"}],"curies":[{"name":"wp","href":"https:\/\/api.w.org\/{rel}","templated":true}]}}