{"id":12917,"date":"2021-06-23T14:20:06","date_gmt":"2021-06-23T14:20:06","guid":{"rendered":"https:\/\/server.idssoft.net\/idsdemo\/producto\/maletin-portatil-ngs-15-6-gingerred\/"},"modified":"2021-06-23T14:20:06","modified_gmt":"2021-06-23T14:20:06","slug":"maletin-portatil-ngs-15-6-gingerred","status":"publish","type":"product","link":"https:\/\/server.idssoft.net\/idsdemo\/producto\/maletin-portatil-ngs-15-6-gingerred\/","title":{"rendered":"MALETIN PORTATIL NGS 15.6 GINGERRED"},"content":{"rendered":"<p>NGS Ginger Red ha sido ideado para transportar port\u00e1tiles de hasta 15.6&#034;. Fabricado en nylon resistente y de calidad, ofrece protecci\u00f3n a tu port\u00e1til. En el interior encontrar\u00e1s dos compartimentos separados para que puedas llevar todo ordenado<\/p>\n","protected":false},"excerpt":{"rendered":"<p>NGS Ginger Red ha sido ideado para transportar port\u00e1tiles de hasta 15.6&#034;. Fabricado en nylon resistente y de calidad, ofrece protecci\u00f3n a tu port\u00e1til. En el interior encontrar\u00e1s dos compartimentos separados para que puedas llevar todo ordenado<\/p>\n","protected":false},"featured_media":12916,"comment_status":"open","ping_status":"closed","template":"","meta":[],"product_cat":[484],"product_tag":[],"class_list":["post-12917","product","type-product","status-publish","has-post-thumbnail","hentry","product_cat-accesorios-para-portatiles","thunk-woo-product-list","opn-qv-enable","top-store-woo-hover-","top-store-single-product-tab-horizontal","top-store-shadow-","top-store-shadow-hover-"],"_links":{"self":[{"href":"https:\/\/server.idssoft.net\/idsdemo\/wp-json\/wp\/v2\/product\/12917","targetHints":{"allow":["GET"]}}],"collection":[{"href":"https:\/\/server.idssoft.net\/idsdemo\/wp-json\/wp\/v2\/product"}],"about":[{"href":"https:\/\/server.idssoft.net\/idsdemo\/wp-json\/wp\/v2\/types\/product"}],"replies":[{"embeddable":true,"href":"https:\/\/server.idssoft.net\/idsdemo\/wp-json\/wp\/v2\/comments?post=12917"}],"wp:featuredmedia":[{"embeddable":true,"href":"https:\/\/server.idssoft.net\/idsdemo\/wp-json\/wp\/v2\/media\/12916"}],"wp:attachment":[{"href":"https:\/\/server.idssoft.net\/idsdemo\/wp-json\/wp\/v2\/media?parent=12917"}],"wp:term":[{"taxonomy":"product_cat","embeddable":true,"href":"https:\/\/server.idssoft.net\/idsdemo\/wp-json\/wp\/v2\/product_cat?post=12917"},{"taxonomy":"product_tag","embeddable":true,"href":"https:\/\/server.idssoft.net\/idsdemo\/wp-json\/wp\/v2\/product_tag?post=12917"}],"curies":[{"name":"wp","href":"https:\/\/api.w.org\/{rel}","templated":true}]}}