{"id":12987,"date":"2021-06-23T14:22:17","date_gmt":"2021-06-23T14:22:17","guid":{"rendered":"https:\/\/server.idssoft.net\/idsdemo\/producto\/despertador-base-carga-inalambrica-sunstech-bluetooth-usb-f\/"},"modified":"2021-06-23T14:22:17","modified_gmt":"2021-06-23T14:22:17","slug":"despertador-base-carga-inalambrica-sunstech-bluetooth-usb-f","status":"publish","type":"product","link":"https:\/\/server.idssoft.net\/idsdemo\/producto\/despertador-base-carga-inalambrica-sunstech-bluetooth-usb-f\/","title":{"rendered":"DESPERTADOR BASE CARGA INAL\u00c1MBRICA SUNSTECH BLUETOOTH, USB F"},"content":{"rendered":"<p>\u00a1Nunca antes hab\u00edas visto un despertador tan completo! Despi\u00e9rtate a lo grande con tus emisoras de radio favoritas o du\u00e9rmete escuch\u00e1ndolas con este moderno radio despertador de m\u00faltiples prestaciones. Carga tu Smartphone por la noche sin necesi<\/p>\n","protected":false},"excerpt":{"rendered":"<p>\u00a1Nunca antes hab\u00edas visto un despertador tan completo! Despi\u00e9rtate a lo grande con tus emisoras de radio favoritas o du\u00e9rmete escuch\u00e1ndolas con este moderno radio despertador de m\u00faltiples prestaciones. Carga tu Smartphone por la noche sin necesi<\/p>\n","protected":false},"featured_media":12985,"comment_status":"open","ping_status":"closed","template":"","meta":[],"product_cat":[478],"product_tag":[],"class_list":["post-12987","product","type-product","status-publish","has-post-thumbnail","hentry","product_cat-radios","thunk-woo-product-list","opn-qv-enable","top-store-woo-hover-","top-store-single-product-tab-horizontal","top-store-shadow-","top-store-shadow-hover-"],"_links":{"self":[{"href":"https:\/\/server.idssoft.net\/idsdemo\/wp-json\/wp\/v2\/product\/12987","targetHints":{"allow":["GET"]}}],"collection":[{"href":"https:\/\/server.idssoft.net\/idsdemo\/wp-json\/wp\/v2\/product"}],"about":[{"href":"https:\/\/server.idssoft.net\/idsdemo\/wp-json\/wp\/v2\/types\/product"}],"replies":[{"embeddable":true,"href":"https:\/\/server.idssoft.net\/idsdemo\/wp-json\/wp\/v2\/comments?post=12987"}],"wp:featuredmedia":[{"embeddable":true,"href":"https:\/\/server.idssoft.net\/idsdemo\/wp-json\/wp\/v2\/media\/12985"}],"wp:attachment":[{"href":"https:\/\/server.idssoft.net\/idsdemo\/wp-json\/wp\/v2\/media?parent=12987"}],"wp:term":[{"taxonomy":"product_cat","embeddable":true,"href":"https:\/\/server.idssoft.net\/idsdemo\/wp-json\/wp\/v2\/product_cat?post=12987"},{"taxonomy":"product_tag","embeddable":true,"href":"https:\/\/server.idssoft.net\/idsdemo\/wp-json\/wp\/v2\/product_tag?post=12987"}],"curies":[{"name":"wp","href":"https:\/\/api.w.org\/{rel}","templated":true}]}}