{"id":13277,"date":"2021-06-23T14:31:40","date_gmt":"2021-06-23T14:31:40","guid":{"rendered":"https:\/\/server.idssoft.net\/idsdemo\/producto\/dispensador-xosoap-automatico-de-gel-sobremesa-0-45l-xo\/"},"modified":"2021-06-23T14:31:40","modified_gmt":"2021-06-23T14:31:40","slug":"dispensador-xosoap-automatico-de-gel-sobremesa-0-45l-xo","status":"publish","type":"product","link":"https:\/\/server.idssoft.net\/idsdemo\/producto\/dispensador-xosoap-automatico-de-gel-sobremesa-0-45l-xo\/","title":{"rendered":"DISPENSADOR XOSOAP AUTOM\u00c1TICO DE GEL SOBREMESA 0.45L XO"},"content":{"rendered":"<p>&#8211; Detecci\u00f3n infrarroja sin necesidad de presionar. Coloque la mano debajo y el dispensador actua directamente.<br \/>&#8211; Bot\u00f3n t\u00e1ctil para encendido \/ apagado<br \/>&#8211; Dep\u00f3sito de 0.45 litros<br \/>&#8211; Funciona con 4 pilas alcalinas AAA (6V)<br \/>&#8211; Luz led in<\/p>\n","protected":false},"excerpt":{"rendered":"<p>&#8211; Detecci\u00f3n infrarroja sin necesidad de presionar. Coloque la mano debajo y el dispensador actua directamente.&#8211; Bot\u00f3n t\u00e1ctil para encendido \/ apagado&#8211; Dep\u00f3sito de 0.45 litros&#8211; Funciona con 4 pilas alcalinas AAA (6V)&#8211; Luz led in<\/p>\n","protected":false},"featured_media":13275,"comment_status":"open","ping_status":"closed","template":"","meta":[],"product_cat":[605],"product_tag":[],"class_list":["post-13277","product","type-product","status-publish","has-post-thumbnail","hentry","product_cat-dispensadores","thunk-woo-product-list","opn-qv-enable","top-store-woo-hover-","top-store-single-product-tab-horizontal","top-store-shadow-","top-store-shadow-hover-"],"_links":{"self":[{"href":"https:\/\/server.idssoft.net\/idsdemo\/wp-json\/wp\/v2\/product\/13277","targetHints":{"allow":["GET"]}}],"collection":[{"href":"https:\/\/server.idssoft.net\/idsdemo\/wp-json\/wp\/v2\/product"}],"about":[{"href":"https:\/\/server.idssoft.net\/idsdemo\/wp-json\/wp\/v2\/types\/product"}],"replies":[{"embeddable":true,"href":"https:\/\/server.idssoft.net\/idsdemo\/wp-json\/wp\/v2\/comments?post=13277"}],"wp:featuredmedia":[{"embeddable":true,"href":"https:\/\/server.idssoft.net\/idsdemo\/wp-json\/wp\/v2\/media\/13275"}],"wp:attachment":[{"href":"https:\/\/server.idssoft.net\/idsdemo\/wp-json\/wp\/v2\/media?parent=13277"}],"wp:term":[{"taxonomy":"product_cat","embeddable":true,"href":"https:\/\/server.idssoft.net\/idsdemo\/wp-json\/wp\/v2\/product_cat?post=13277"},{"taxonomy":"product_tag","embeddable":true,"href":"https:\/\/server.idssoft.net\/idsdemo\/wp-json\/wp\/v2\/product_tag?post=13277"}],"curies":[{"name":"wp","href":"https:\/\/api.w.org\/{rel}","templated":true}]}}