{"id":13290,"date":"2021-06-23T14:32:00","date_gmt":"2021-06-23T14:32:00","guid":{"rendered":"https:\/\/server.idssoft.net\/idsdemo\/producto\/soporte-mesa-c42-smartphone-tablets-hasta-7-9-blanco-xo\/"},"modified":"2021-06-23T14:32:00","modified_gmt":"2021-06-23T14:32:00","slug":"soporte-mesa-c42-smartphone-tablets-hasta-7-9-blanco-xo","status":"publish","type":"product","link":"https:\/\/server.idssoft.net\/idsdemo\/producto\/soporte-mesa-c42-smartphone-tablets-hasta-7-9-blanco-xo\/","title":{"rendered":"SOPORTE MESA C42 SMARTPHONE\/TABLETS HASTA 7.9 BLANCO XO"},"content":{"rendered":"<p>&#8211; Soporte v\u00e1lido hasta dispositivos de 7.9&#034;<br \/>&#8211; \u00c1ngulo ajustable<br \/>&#8211; Espacio para guardar objetos (pendrives, auriculares, etc)<br \/>&#8211; Dise\u00f1o tipo espejo.<br \/>&#8211; Dimensiones: 101x101x162mm<br \/>&#8211; Peso: 125gr  <\/p>\n","protected":false},"excerpt":{"rendered":"<p>&#8211; Soporte v\u00e1lido hasta dispositivos de 7.9&#034;&#8211; \u00c1ngulo ajustable&#8211; Espacio para guardar objetos (pendrives, auriculares, etc)&#8211; Dise\u00f1o tipo espejo.&#8211; Dimensiones: 101x101x162mm&#8211; Peso: 125gr<\/p>\n","protected":false},"featured_media":13288,"comment_status":"open","ping_status":"closed","template":"","meta":[],"product_cat":[641],"product_tag":[],"class_list":["post-13290","product","type-product","status-publish","has-post-thumbnail","hentry","product_cat-accesorios-smartphones","thunk-woo-product-list","opn-qv-enable","top-store-woo-hover-","top-store-single-product-tab-horizontal","top-store-shadow-","top-store-shadow-hover-"],"_links":{"self":[{"href":"https:\/\/server.idssoft.net\/idsdemo\/wp-json\/wp\/v2\/product\/13290","targetHints":{"allow":["GET"]}}],"collection":[{"href":"https:\/\/server.idssoft.net\/idsdemo\/wp-json\/wp\/v2\/product"}],"about":[{"href":"https:\/\/server.idssoft.net\/idsdemo\/wp-json\/wp\/v2\/types\/product"}],"replies":[{"embeddable":true,"href":"https:\/\/server.idssoft.net\/idsdemo\/wp-json\/wp\/v2\/comments?post=13290"}],"wp:featuredmedia":[{"embeddable":true,"href":"https:\/\/server.idssoft.net\/idsdemo\/wp-json\/wp\/v2\/media\/13288"}],"wp:attachment":[{"href":"https:\/\/server.idssoft.net\/idsdemo\/wp-json\/wp\/v2\/media?parent=13290"}],"wp:term":[{"taxonomy":"product_cat","embeddable":true,"href":"https:\/\/server.idssoft.net\/idsdemo\/wp-json\/wp\/v2\/product_cat?post=13290"},{"taxonomy":"product_tag","embeddable":true,"href":"https:\/\/server.idssoft.net\/idsdemo\/wp-json\/wp\/v2\/product_tag?post=13290"}],"curies":[{"name":"wp","href":"https:\/\/api.w.org\/{rel}","templated":true}]}}