{"id":13333,"date":"2021-06-23T14:33:12","date_gmt":"2021-06-23T14:33:12","guid":{"rendered":"https:\/\/server.idssoft.net\/idsdemo\/producto\/cable-nb51-anti-rotura-lightning-a-usb-1-metro-rojo-xo\/"},"modified":"2021-06-23T14:33:12","modified_gmt":"2021-06-23T14:33:12","slug":"cable-nb51-anti-rotura-lightning-a-usb-1-metro-rojo-xo","status":"publish","type":"product","link":"https:\/\/server.idssoft.net\/idsdemo\/producto\/cable-nb51-anti-rotura-lightning-a-usb-1-metro-rojo-xo\/","title":{"rendered":"CABLE NB51 ANTI ROTURA LIGHTNING A USB 1 METRO ROJO XO"},"content":{"rendered":"<p>&#8211; Conector Lightning<br \/>&#8211; Cable de cord\u00f3n con punta s\u00f3lida anti rotura<br \/>&#8211; Carga + transmisi\u00f3n de datos alta velocidad<br \/>&#8211; 5V, 2.1 A<br \/>&#8211; Logitud: 1 metro  <\/p>\n","protected":false},"excerpt":{"rendered":"<p>&#8211; Conector Lightning&#8211; Cable de cord\u00f3n con punta s\u00f3lida anti rotura&#8211; Carga + transmisi\u00f3n de datos alta velocidad&#8211; 5V, 2.1 A&#8211; Logitud: 1 metro<\/p>\n","protected":false},"featured_media":13331,"comment_status":"open","ping_status":"closed","template":"","meta":[],"product_cat":[496],"product_tag":[],"class_list":["post-13333","product","type-product","status-publish","has-post-thumbnail","hentry","product_cat-cableado-cargadores-apple","thunk-woo-product-list","opn-qv-enable","top-store-woo-hover-","top-store-single-product-tab-horizontal","top-store-shadow-","top-store-shadow-hover-"],"_links":{"self":[{"href":"https:\/\/server.idssoft.net\/idsdemo\/wp-json\/wp\/v2\/product\/13333","targetHints":{"allow":["GET"]}}],"collection":[{"href":"https:\/\/server.idssoft.net\/idsdemo\/wp-json\/wp\/v2\/product"}],"about":[{"href":"https:\/\/server.idssoft.net\/idsdemo\/wp-json\/wp\/v2\/types\/product"}],"replies":[{"embeddable":true,"href":"https:\/\/server.idssoft.net\/idsdemo\/wp-json\/wp\/v2\/comments?post=13333"}],"wp:featuredmedia":[{"embeddable":true,"href":"https:\/\/server.idssoft.net\/idsdemo\/wp-json\/wp\/v2\/media\/13331"}],"wp:attachment":[{"href":"https:\/\/server.idssoft.net\/idsdemo\/wp-json\/wp\/v2\/media?parent=13333"}],"wp:term":[{"taxonomy":"product_cat","embeddable":true,"href":"https:\/\/server.idssoft.net\/idsdemo\/wp-json\/wp\/v2\/product_cat?post=13333"},{"taxonomy":"product_tag","embeddable":true,"href":"https:\/\/server.idssoft.net\/idsdemo\/wp-json\/wp\/v2\/product_tag?post=13333"}],"curies":[{"name":"wp","href":"https:\/\/api.w.org\/{rel}","templated":true}]}}