{"id":13434,"date":"2021-06-23T14:35:59","date_gmt":"2021-06-23T14:35:59","guid":{"rendered":"https:\/\/server.idssoft.net\/idsdemo\/producto\/linterna-led-profesional-cob-500lumens-8w-homa-tools\/"},"modified":"2021-06-23T14:35:59","modified_gmt":"2021-06-23T14:35:59","slug":"linterna-led-profesional-cob-500lumens-8w-homa-tools","status":"publish","type":"product","link":"https:\/\/server.idssoft.net\/idsdemo\/producto\/linterna-led-profesional-cob-500lumens-8w-homa-tools\/","title":{"rendered":"LINTERNA LED PROFESIONAL COB 500LUMENS 8W HOMA TOOLS"},"content":{"rendered":"<p>. 8W 500Lumens<br \/>. Incluye Im\u00e1n y gancho<br \/>. Bater\u00eda recargable 3.400MAH<br \/>. 3 tipos de potencia: 100%, 50% y funci\u00f3n FLASH<br \/>. Powerbank<br \/>. Dimensiones: 11x6x2.5cm  <\/p>\n","protected":false},"excerpt":{"rendered":"<p>. 8W 500Lumens. Incluye Im\u00e1n y gancho. Bater\u00eda recargable 3.400MAH. 3 tipos de potencia: 100%, 50% y funci\u00f3n FLASH. Powerbank. Dimensiones: 11x6x2.5cm<\/p>\n","protected":false},"featured_media":13432,"comment_status":"open","ping_status":"closed","template":"","meta":[],"product_cat":[457],"product_tag":[],"class_list":["post-13434","product","type-product","status-publish","has-post-thumbnail","hentry","product_cat-linternas-lamparas","thunk-woo-product-list","opn-qv-enable","top-store-woo-hover-","top-store-single-product-tab-horizontal","top-store-shadow-","top-store-shadow-hover-"],"_links":{"self":[{"href":"https:\/\/server.idssoft.net\/idsdemo\/wp-json\/wp\/v2\/product\/13434","targetHints":{"allow":["GET"]}}],"collection":[{"href":"https:\/\/server.idssoft.net\/idsdemo\/wp-json\/wp\/v2\/product"}],"about":[{"href":"https:\/\/server.idssoft.net\/idsdemo\/wp-json\/wp\/v2\/types\/product"}],"replies":[{"embeddable":true,"href":"https:\/\/server.idssoft.net\/idsdemo\/wp-json\/wp\/v2\/comments?post=13434"}],"wp:featuredmedia":[{"embeddable":true,"href":"https:\/\/server.idssoft.net\/idsdemo\/wp-json\/wp\/v2\/media\/13432"}],"wp:attachment":[{"href":"https:\/\/server.idssoft.net\/idsdemo\/wp-json\/wp\/v2\/media?parent=13434"}],"wp:term":[{"taxonomy":"product_cat","embeddable":true,"href":"https:\/\/server.idssoft.net\/idsdemo\/wp-json\/wp\/v2\/product_cat?post=13434"},{"taxonomy":"product_tag","embeddable":true,"href":"https:\/\/server.idssoft.net\/idsdemo\/wp-json\/wp\/v2\/product_tag?post=13434"}],"curies":[{"name":"wp","href":"https:\/\/api.w.org\/{rel}","templated":true}]}}