{"id":13563,"date":"2021-06-23T14:40:10","date_gmt":"2021-06-23T14:40:10","guid":{"rendered":"https:\/\/server.idssoft.net\/idsdemo\/producto\/aspiradora-escoba-sin-cable-2-en-1-22-1v-120w-edm\/"},"modified":"2021-06-23T14:40:10","modified_gmt":"2021-06-23T14:40:10","slug":"aspiradora-escoba-sin-cable-2-en-1-22-1v-120w-edm","status":"publish","type":"product","link":"https:\/\/server.idssoft.net\/idsdemo\/producto\/aspiradora-escoba-sin-cable-2-en-1-22-1v-120w-edm\/","title":{"rendered":"ASPIRADORA ESCOBA SIN CABLE 2 EN 1 22.1V 120W EDM"},"content":{"rendered":"<p>. Motor 120W 2200mAH 72dB<br \/>. Dep\u00f3sito: 0.8 Litros<br \/>. Luz led en la base<br \/>. Mango ergon\u00f3mico<br \/>. Base de carga para mejor apoyo<br \/>. 2 cepillos para espacios peque\u00f1os<br \/>. Bater\u00eda de 2.200mAH con un tiempo de carga de 4 horas y capacid<\/p>\n","protected":false},"excerpt":{"rendered":"<p>. Motor 120W 2200mAH 72dB. Dep\u00f3sito: 0.8 Litros. Luz led en la base. Mango ergon\u00f3mico. Base de carga para mejor apoyo. 2 cepillos para espacios peque\u00f1os. Bater\u00eda de 2.200mAH con un tiempo de carga de 4 horas y capacid<\/p>\n","protected":false},"featured_media":13561,"comment_status":"open","ping_status":"closed","template":"","meta":[],"product_cat":[511],"product_tag":[],"class_list":["post-13563","product","type-product","status-publish","has-post-thumbnail","hentry","product_cat-aspiradoras","thunk-woo-product-list","opn-qv-enable","top-store-woo-hover-","top-store-single-product-tab-horizontal","top-store-shadow-","top-store-shadow-hover-"],"_links":{"self":[{"href":"https:\/\/server.idssoft.net\/idsdemo\/wp-json\/wp\/v2\/product\/13563","targetHints":{"allow":["GET"]}}],"collection":[{"href":"https:\/\/server.idssoft.net\/idsdemo\/wp-json\/wp\/v2\/product"}],"about":[{"href":"https:\/\/server.idssoft.net\/idsdemo\/wp-json\/wp\/v2\/types\/product"}],"replies":[{"embeddable":true,"href":"https:\/\/server.idssoft.net\/idsdemo\/wp-json\/wp\/v2\/comments?post=13563"}],"wp:featuredmedia":[{"embeddable":true,"href":"https:\/\/server.idssoft.net\/idsdemo\/wp-json\/wp\/v2\/media\/13561"}],"wp:attachment":[{"href":"https:\/\/server.idssoft.net\/idsdemo\/wp-json\/wp\/v2\/media?parent=13563"}],"wp:term":[{"taxonomy":"product_cat","embeddable":true,"href":"https:\/\/server.idssoft.net\/idsdemo\/wp-json\/wp\/v2\/product_cat?post=13563"},{"taxonomy":"product_tag","embeddable":true,"href":"https:\/\/server.idssoft.net\/idsdemo\/wp-json\/wp\/v2\/product_tag?post=13563"}],"curies":[{"name":"wp","href":"https:\/\/api.w.org\/{rel}","templated":true}]}}