{"id":13604,"date":"2021-06-23T14:41:30","date_gmt":"2021-06-23T14:41:30","guid":{"rendered":"https:\/\/server.idssoft.net\/idsdemo\/producto\/dispensador-automatico-para-desinfectante-de-manos-1-litro-a\/"},"modified":"2021-06-23T14:41:30","modified_gmt":"2021-06-23T14:41:30","slug":"dispensador-automatico-para-desinfectante-de-manos-1-litro-a","status":"publish","type":"product","link":"https:\/\/server.idssoft.net\/idsdemo\/producto\/dispensador-automatico-para-desinfectante-de-manos-1-litro-a\/","title":{"rendered":"DISPENSADOR AUTOMATICO PARA DESINFECTANTE DE MANOS 1 LITRO A"},"content":{"rendered":"<p>. Dispensador de gel o l\u00edquido con sensor de movimiento infrarrojo incorporado que detectar\u00e1 las manos y liberar\u00e1 autom\u00e1ticamente la cantidad justa de producto. Funciona tanto por red el\u00e9ctrica como con pilas, por tanto no ser\u00e1 necesaria una tom<\/p>\n","protected":false},"excerpt":{"rendered":"<p>. Dispensador de gel o l\u00edquido con sensor de movimiento infrarrojo incorporado que detectar\u00e1 las manos y liberar\u00e1 autom\u00e1ticamente la cantidad justa de producto. Funciona tanto por red el\u00e9ctrica como con pilas, por tanto no ser\u00e1 necesaria una tom<\/p>\n","protected":false},"featured_media":13603,"comment_status":"open","ping_status":"closed","template":"","meta":[],"product_cat":[605],"product_tag":[],"class_list":["post-13604","product","type-product","status-publish","has-post-thumbnail","hentry","product_cat-dispensadores","thunk-woo-product-list","opn-qv-enable","top-store-woo-hover-","top-store-single-product-tab-horizontal","top-store-shadow-","top-store-shadow-hover-"],"_links":{"self":[{"href":"https:\/\/server.idssoft.net\/idsdemo\/wp-json\/wp\/v2\/product\/13604","targetHints":{"allow":["GET"]}}],"collection":[{"href":"https:\/\/server.idssoft.net\/idsdemo\/wp-json\/wp\/v2\/product"}],"about":[{"href":"https:\/\/server.idssoft.net\/idsdemo\/wp-json\/wp\/v2\/types\/product"}],"replies":[{"embeddable":true,"href":"https:\/\/server.idssoft.net\/idsdemo\/wp-json\/wp\/v2\/comments?post=13604"}],"wp:featuredmedia":[{"embeddable":true,"href":"https:\/\/server.idssoft.net\/idsdemo\/wp-json\/wp\/v2\/media\/13603"}],"wp:attachment":[{"href":"https:\/\/server.idssoft.net\/idsdemo\/wp-json\/wp\/v2\/media?parent=13604"}],"wp:term":[{"taxonomy":"product_cat","embeddable":true,"href":"https:\/\/server.idssoft.net\/idsdemo\/wp-json\/wp\/v2\/product_cat?post=13604"},{"taxonomy":"product_tag","embeddable":true,"href":"https:\/\/server.idssoft.net\/idsdemo\/wp-json\/wp\/v2\/product_tag?post=13604"}],"curies":[{"name":"wp","href":"https:\/\/api.w.org\/{rel}","templated":true}]}}