{"id":13607,"date":"2021-06-23T14:41:35","date_gmt":"2021-06-23T14:41:35","guid":{"rendered":"https:\/\/server.idssoft.net\/idsdemo\/producto\/auriculares-con-microfono-ps5-ps4-xbox-360-pc-mac-pro-h5-azu\/"},"modified":"2021-06-23T14:41:35","modified_gmt":"2021-06-23T14:41:35","slug":"auriculares-con-microfono-ps5-ps4-xbox-360-pc-mac-pro-h5-azu","status":"publish","type":"product","link":"https:\/\/server.idssoft.net\/idsdemo\/producto\/auriculares-con-microfono-ps5-ps4-xbox-360-pc-mac-pro-h5-azu\/","title":{"rendered":"AURICULARES CON MICR\u00d3FONO PS5\/PS4\/XBOX 360\/PC\/MAC PRO-H5 AZU"},"content":{"rendered":"<p>Uso: Gaming<br \/>Interfaz: jack 3.5 mm<br \/>Ergonom\u00eda: Circumaural<br \/>Configuraci\u00f3n : Arco \/ Micr\u00f3fono<br \/>Nivel De Presi\u00f3n: 117 Db (A)<br \/>Impedancia :32 O (Audio)<br \/>Calidad Sonora : Stereo 2.0<br \/>Micro: Retr\u00e1ctil<br \/>Im\u00e1n: Neodimio&lt;b<\/p>\n","protected":false},"excerpt":{"rendered":"<p>Uso: GamingInterfaz: jack 3.5 mmErgonom\u00eda: CircumauralConfiguraci\u00f3n : Arco \/ Micr\u00f3fonoNivel De Presi\u00f3n: 117 Db (A)Impedancia :32 O (Audio)Calidad Sonora : Stereo 2.0Micro: Retr\u00e1ctilIm\u00e1n: Neodimio&lt;b<\/p>\n","protected":false},"featured_media":13605,"comment_status":"open","ping_status":"closed","template":"","meta":[],"product_cat":[559],"product_tag":[],"class_list":["post-13607","product","type-product","status-publish","has-post-thumbnail","hentry","product_cat-auriculares-gaming","thunk-woo-product-list","opn-qv-enable","top-store-woo-hover-","top-store-single-product-tab-horizontal","top-store-shadow-","top-store-shadow-hover-"],"_links":{"self":[{"href":"https:\/\/server.idssoft.net\/idsdemo\/wp-json\/wp\/v2\/product\/13607","targetHints":{"allow":["GET"]}}],"collection":[{"href":"https:\/\/server.idssoft.net\/idsdemo\/wp-json\/wp\/v2\/product"}],"about":[{"href":"https:\/\/server.idssoft.net\/idsdemo\/wp-json\/wp\/v2\/types\/product"}],"replies":[{"embeddable":true,"href":"https:\/\/server.idssoft.net\/idsdemo\/wp-json\/wp\/v2\/comments?post=13607"}],"wp:featuredmedia":[{"embeddable":true,"href":"https:\/\/server.idssoft.net\/idsdemo\/wp-json\/wp\/v2\/media\/13605"}],"wp:attachment":[{"href":"https:\/\/server.idssoft.net\/idsdemo\/wp-json\/wp\/v2\/media?parent=13607"}],"wp:term":[{"taxonomy":"product_cat","embeddable":true,"href":"https:\/\/server.idssoft.net\/idsdemo\/wp-json\/wp\/v2\/product_cat?post=13607"},{"taxonomy":"product_tag","embeddable":true,"href":"https:\/\/server.idssoft.net\/idsdemo\/wp-json\/wp\/v2\/product_tag?post=13607"}],"curies":[{"name":"wp","href":"https:\/\/api.w.org\/{rel}","templated":true}]}}