{"id":13824,"date":"2021-06-23T14:48:23","date_gmt":"2021-06-23T14:48:23","guid":{"rendered":"https:\/\/server.idssoft.net\/idsdemo\/producto\/batidora-inoxidable-vaso-cristal-1300w-1-5-litros-muvip\/"},"modified":"2021-06-23T14:48:23","modified_gmt":"2021-06-23T14:48:23","slug":"batidora-inoxidable-vaso-cristal-1300w-1-5-litros-muvip","status":"publish","type":"product","link":"https:\/\/server.idssoft.net\/idsdemo\/producto\/batidora-inoxidable-vaso-cristal-1300w-1-5-litros-muvip\/","title":{"rendered":"BATIDORA INOXIDABLE VASO CRISTAL 1300W 1.5 LITROS MUVIP"},"content":{"rendered":"<p>&#8211; Potencia 1300 W.<br \/>&#8211; Cuerpo de Acero inoxidable<br \/>&#8211; Cuchilla de acero inoxidable.<br \/>&#8211; Vaso de cristal de 1,5 litros <br \/>&#8211; Motor de alta eficiencia y bajo ruido de 2 velocidades y funci\u00f3n &#8216;pulse&#8217;. <br \/>&#8211; Funci\u00f3n pica hielo.<br \/>&#8211; Dise\u00f1o mod<\/p>\n","protected":false},"excerpt":{"rendered":"<p>&#8211; Potencia 1300 W.&#8211; Cuerpo de Acero inoxidable&#8211; Cuchilla de acero inoxidable.&#8211; Vaso de cristal de 1,5 litros &#8211; Motor de alta eficiencia y bajo ruido de 2 velocidades y funci\u00f3n &#8216;pulse&#8217;. &#8211; Funci\u00f3n pica hielo.&#8211; Dise\u00f1o mod<\/p>\n","protected":false},"featured_media":13823,"comment_status":"open","ping_status":"closed","template":"","meta":[],"product_cat":[499],"product_tag":[],"class_list":["post-13824","product","type-product","status-publish","has-post-thumbnail","hentry","product_cat-batidoras-brazo","thunk-woo-product-list","opn-qv-enable","top-store-woo-hover-","top-store-single-product-tab-horizontal","top-store-shadow-","top-store-shadow-hover-"],"_links":{"self":[{"href":"https:\/\/server.idssoft.net\/idsdemo\/wp-json\/wp\/v2\/product\/13824","targetHints":{"allow":["GET"]}}],"collection":[{"href":"https:\/\/server.idssoft.net\/idsdemo\/wp-json\/wp\/v2\/product"}],"about":[{"href":"https:\/\/server.idssoft.net\/idsdemo\/wp-json\/wp\/v2\/types\/product"}],"replies":[{"embeddable":true,"href":"https:\/\/server.idssoft.net\/idsdemo\/wp-json\/wp\/v2\/comments?post=13824"}],"wp:featuredmedia":[{"embeddable":true,"href":"https:\/\/server.idssoft.net\/idsdemo\/wp-json\/wp\/v2\/media\/13823"}],"wp:attachment":[{"href":"https:\/\/server.idssoft.net\/idsdemo\/wp-json\/wp\/v2\/media?parent=13824"}],"wp:term":[{"taxonomy":"product_cat","embeddable":true,"href":"https:\/\/server.idssoft.net\/idsdemo\/wp-json\/wp\/v2\/product_cat?post=13824"},{"taxonomy":"product_tag","embeddable":true,"href":"https:\/\/server.idssoft.net\/idsdemo\/wp-json\/wp\/v2\/product_tag?post=13824"}],"curies":[{"name":"wp","href":"https:\/\/api.w.org\/{rel}","templated":true}]}}