{"id":13925,"date":"2021-06-23T14:51:44","date_gmt":"2021-06-23T14:51:44","guid":{"rendered":"https:\/\/server.idssoft.net\/idsdemo\/producto\/raton-x51-usb-2-0-negro-cromad\/"},"modified":"2021-06-23T14:51:44","modified_gmt":"2021-06-23T14:51:44","slug":"raton-x51-usb-2-0-negro-cromad","status":"publish","type":"product","link":"https:\/\/server.idssoft.net\/idsdemo\/producto\/raton-x51-usb-2-0-negro-cromad\/","title":{"rendered":"RATON X51 USB 2.0 NEGRO CROMAD"},"content":{"rendered":"<p>Conexi\u00f3n USB 2.0<br \/>Longitud del cable de 1.50m.<br \/>3 botones accesibles.<br \/>Dise\u00f1o c\u00f3modo.<br \/>M\u00e1xima precisi\u00f3n.<br \/>Tacto suave.<br \/>Disponible en varios colores.<br \/>Compatible con: Windows, Linux, Mac<br \/>40 PCS \/ CAJA<\/p>\n","protected":false},"excerpt":{"rendered":"<p>Conexi\u00f3n USB 2.0Longitud del cable de 1.50m.3 botones accesibles.Dise\u00f1o c\u00f3modo.M\u00e1xima precisi\u00f3n.Tacto suave.Disponible en varios colores.Compatible con: Windows, Linux, Mac40 PCS \/ CAJA<\/p>\n","protected":false},"featured_media":13923,"comment_status":"open","ping_status":"closed","template":"","meta":[],"product_cat":[480],"product_tag":[],"class_list":["post-13925","product","type-product","status-publish","has-post-thumbnail","hentry","product_cat-ratones","thunk-woo-product-list","opn-qv-enable","top-store-woo-hover-","top-store-single-product-tab-horizontal","top-store-shadow-","top-store-shadow-hover-"],"_links":{"self":[{"href":"https:\/\/server.idssoft.net\/idsdemo\/wp-json\/wp\/v2\/product\/13925","targetHints":{"allow":["GET"]}}],"collection":[{"href":"https:\/\/server.idssoft.net\/idsdemo\/wp-json\/wp\/v2\/product"}],"about":[{"href":"https:\/\/server.idssoft.net\/idsdemo\/wp-json\/wp\/v2\/types\/product"}],"replies":[{"embeddable":true,"href":"https:\/\/server.idssoft.net\/idsdemo\/wp-json\/wp\/v2\/comments?post=13925"}],"wp:featuredmedia":[{"embeddable":true,"href":"https:\/\/server.idssoft.net\/idsdemo\/wp-json\/wp\/v2\/media\/13923"}],"wp:attachment":[{"href":"https:\/\/server.idssoft.net\/idsdemo\/wp-json\/wp\/v2\/media?parent=13925"}],"wp:term":[{"taxonomy":"product_cat","embeddable":true,"href":"https:\/\/server.idssoft.net\/idsdemo\/wp-json\/wp\/v2\/product_cat?post=13925"},{"taxonomy":"product_tag","embeddable":true,"href":"https:\/\/server.idssoft.net\/idsdemo\/wp-json\/wp\/v2\/product_tag?post=13925"}],"curies":[{"name":"wp","href":"https:\/\/api.w.org\/{rel}","templated":true}]}}